{"id":5228,"date":"2025-04-29T13:37:59","date_gmt":"2025-04-29T13:37:59","guid":{"rendered":"https:\/\/casadolivreiro.pt\/?post_type=product&#038;p=5228"},"modified":"2025-04-29T13:37:59","modified_gmt":"2025-04-29T13:37:59","slug":"um-coracao-dividido-violeta-disney","status":"publish","type":"product","link":"https:\/\/casadolivreiro.pt\/index.php\/product\/um-coracao-dividido-violeta-disney\/","title":{"rendered":"UM CORA\u00c7\u00c3O DIVIDIDO \u2013 Violeta (Disney)"},"content":{"rendered":"<p>UM CORA\u00c7\u00c3O DIVIDIDO \u2013 Violeta (Disney)<\/p>\n<p>Tradu\u00e7\u00e3o de Jorge Nunes<\/p>\n<p>Ano de edi\u00e7\u00e3o: 2014<\/p>\n<p>Editor:\u00a0 Disney.pt<\/p>\n<p>Idioma: Portugu\u00eas<\/p>\n<p>Dimens\u00f5es: 12.9 x 1 x 19<\/p>\n<p>Encaderna\u00e7\u00e3o: capa mole<\/p>\n<p>P\u00e1ginas: 159<\/p>\n","protected":false},"excerpt":{"rendered":"<p>UM CORA\u00c7\u00c3O DIVIDIDO \u2013 Violeta (Disney) Tradu\u00e7\u00e3o de Jorge Nunes Ano de edi\u00e7\u00e3o: 2014 Editor:\u00a0 Disney.pt Idioma: Portugu\u00eas Dimens\u00f5es: 12.9 x 1 x 19 Encaderna\u00e7\u00e3o: capa mole P\u00e1ginas: 159<\/p>\n","protected":false},"featured_media":5229,"comment_status":"open","ping_status":"closed","template":"","meta":{"om_disable_all_campaigns":false,"_monsterinsights_skip_tracking":false,"_monsterinsights_sitenote_active":false,"_monsterinsights_sitenote_note":"","_monsterinsights_sitenote_category":0,"_uf_show_specific_survey":0,"_uf_disable_surveys":false},"product_cat":[34],"product_tag":[],"aioseo_notices":[],"jetpack_sharing_enabled":true,"_links":{"self":[{"href":"https:\/\/casadolivreiro.pt\/index.php\/wp-json\/wp\/v2\/product\/5228"}],"collection":[{"href":"https:\/\/casadolivreiro.pt\/index.php\/wp-json\/wp\/v2\/product"}],"about":[{"href":"https:\/\/casadolivreiro.pt\/index.php\/wp-json\/wp\/v2\/types\/product"}],"replies":[{"embeddable":true,"href":"https:\/\/casadolivreiro.pt\/index.php\/wp-json\/wp\/v2\/comments?post=5228"}],"wp:featuredmedia":[{"embeddable":true,"href":"https:\/\/casadolivreiro.pt\/index.php\/wp-json\/wp\/v2\/media\/5229"}],"wp:attachment":[{"href":"https:\/\/casadolivreiro.pt\/index.php\/wp-json\/wp\/v2\/media?parent=5228"}],"wp:term":[{"taxonomy":"product_cat","embeddable":true,"href":"https:\/\/casadolivreiro.pt\/index.php\/wp-json\/wp\/v2\/product_cat?post=5228"},{"taxonomy":"product_tag","embeddable":true,"href":"https:\/\/casadolivreiro.pt\/index.php\/wp-json\/wp\/v2\/product_tag?post=5228"}],"curies":[{"name":"wp","href":"https:\/\/api.w.org\/{rel}","templated":true}]}}