{"id":4989,"date":"2025-04-22T22:45:54","date_gmt":"2025-04-22T22:45:54","guid":{"rendered":"https:\/\/casadolivreiro.pt\/?post_type=product&#038;p=4989"},"modified":"2025-04-22T22:45:54","modified_gmt":"2025-04-22T22:45:54","slug":"conspiracao-365-marco-livro-3-gabrielle-lord","status":"publish","type":"product","link":"https:\/\/casadolivreiro.pt\/index.php\/product\/conspiracao-365-marco-livro-3-gabrielle-lord\/","title":{"rendered":"CONSPIRA\u00c7\u00c3O 365: MAR\u00c7O, Livro 3 \u2013 Gabrielle Lord"},"content":{"rendered":"<p>Tradu\u00e7\u00e3o de Carla Alves<\/p>\n<p>Ano de edi\u00e7\u00e3o:\u00a0 2011<\/p>\n<p>Editor: Contraponto, Lisboa<\/p>\n<p>Idioma: Portugu\u00eas<\/p>\n<p>Dimens\u00f5es: 12.8 x 1.2 x 19.7<\/p>\n<p>Encaderna\u00e7\u00e3o: capa mole<\/p>\n<p>P\u00e1ginas: 189<\/p>\n","protected":false},"excerpt":{"rendered":"<p>Tradu\u00e7\u00e3o de Carla Alves Ano de edi\u00e7\u00e3o:\u00a0 2011 Editor: Contraponto, Lisboa Idioma: Portugu\u00eas Dimens\u00f5es: 12.8 x 1.2 x 19.7 Encaderna\u00e7\u00e3o: capa mole P\u00e1ginas: 189<\/p>\n","protected":false},"featured_media":4990,"comment_status":"open","ping_status":"closed","template":"","meta":{"om_disable_all_campaigns":false,"_monsterinsights_skip_tracking":false,"_monsterinsights_sitenote_active":false,"_monsterinsights_sitenote_note":"","_monsterinsights_sitenote_category":0,"_uf_show_specific_survey":0,"_uf_disable_surveys":false},"product_cat":[34],"product_tag":[],"aioseo_notices":[],"jetpack_sharing_enabled":true,"_links":{"self":[{"href":"https:\/\/casadolivreiro.pt\/index.php\/wp-json\/wp\/v2\/product\/4989"}],"collection":[{"href":"https:\/\/casadolivreiro.pt\/index.php\/wp-json\/wp\/v2\/product"}],"about":[{"href":"https:\/\/casadolivreiro.pt\/index.php\/wp-json\/wp\/v2\/types\/product"}],"replies":[{"embeddable":true,"href":"https:\/\/casadolivreiro.pt\/index.php\/wp-json\/wp\/v2\/comments?post=4989"}],"wp:featuredmedia":[{"embeddable":true,"href":"https:\/\/casadolivreiro.pt\/index.php\/wp-json\/wp\/v2\/media\/4990"}],"wp:attachment":[{"href":"https:\/\/casadolivreiro.pt\/index.php\/wp-json\/wp\/v2\/media?parent=4989"}],"wp:term":[{"taxonomy":"product_cat","embeddable":true,"href":"https:\/\/casadolivreiro.pt\/index.php\/wp-json\/wp\/v2\/product_cat?post=4989"},{"taxonomy":"product_tag","embeddable":true,"href":"https:\/\/casadolivreiro.pt\/index.php\/wp-json\/wp\/v2\/product_tag?post=4989"}],"curies":[{"name":"wp","href":"https:\/\/api.w.org\/{rel}","templated":true}]}}