{"id":4987,"date":"2025-04-22T22:19:38","date_gmt":"2025-04-22T22:19:38","guid":{"rendered":"https:\/\/casadolivreiro.pt\/?post_type=product&#038;p=4987"},"modified":"2025-04-22T22:19:38","modified_gmt":"2025-04-22T22:19:38","slug":"o-circulo-de-pedra-a-idade-das-trevas-volume-3-a-j-lake","status":"publish","type":"product","link":"https:\/\/casadolivreiro.pt\/index.php\/product\/o-circulo-de-pedra-a-idade-das-trevas-volume-3-a-j-lake\/","title":{"rendered":"O C\u00cdRCULO DE PEDRA: A IDADE DAS TREVAS, VOLUME 3 \u2013 A.J. Lake"},"content":{"rendered":"<p>O C\u00cdRCULO DE PEDRA: A IDADE DAS TREVAS, VOLUME 3 \u2013 A.J. Lake<\/p>\n<p>Tradu\u00e7\u00e3o de Maria de F\u00e1tima St. Aubyn<\/p>\n<p>Ano de edi\u00e7\u00e3o:\u00a0 2008<\/p>\n<p>Editor: Quidnovi<\/p>\n<p>Idioma: Portugu\u00eas<\/p>\n<p>Dimens\u00f5es: 13 x 1.5 x 19.5<\/p>\n<p>Encaderna\u00e7\u00e3o: capa mole<\/p>\n<p>P\u00e1ginas: 269<\/p>\n","protected":false},"excerpt":{"rendered":"<p>O C\u00cdRCULO DE PEDRA: A IDADE DAS TREVAS, VOLUME 3 \u2013 A.J. Lake Tradu\u00e7\u00e3o de Maria de F\u00e1tima St. Aubyn Ano de edi\u00e7\u00e3o:\u00a0 2008 Editor: Quidnovi Idioma: Portugu\u00eas Dimens\u00f5es: 13 x 1.5 x 19.5 Encaderna\u00e7\u00e3o: capa mole P\u00e1ginas: 269<\/p>\n","protected":false},"featured_media":4988,"comment_status":"open","ping_status":"closed","template":"","meta":{"om_disable_all_campaigns":false,"_monsterinsights_skip_tracking":false,"_monsterinsights_sitenote_active":false,"_monsterinsights_sitenote_note":"","_monsterinsights_sitenote_category":0,"_uf_show_specific_survey":0,"_uf_disable_surveys":false},"product_cat":[34],"product_tag":[],"aioseo_notices":[],"jetpack_sharing_enabled":true,"_links":{"self":[{"href":"https:\/\/casadolivreiro.pt\/index.php\/wp-json\/wp\/v2\/product\/4987"}],"collection":[{"href":"https:\/\/casadolivreiro.pt\/index.php\/wp-json\/wp\/v2\/product"}],"about":[{"href":"https:\/\/casadolivreiro.pt\/index.php\/wp-json\/wp\/v2\/types\/product"}],"replies":[{"embeddable":true,"href":"https:\/\/casadolivreiro.pt\/index.php\/wp-json\/wp\/v2\/comments?post=4987"}],"wp:featuredmedia":[{"embeddable":true,"href":"https:\/\/casadolivreiro.pt\/index.php\/wp-json\/wp\/v2\/media\/4988"}],"wp:attachment":[{"href":"https:\/\/casadolivreiro.pt\/index.php\/wp-json\/wp\/v2\/media?parent=4987"}],"wp:term":[{"taxonomy":"product_cat","embeddable":true,"href":"https:\/\/casadolivreiro.pt\/index.php\/wp-json\/wp\/v2\/product_cat?post=4987"},{"taxonomy":"product_tag","embeddable":true,"href":"https:\/\/casadolivreiro.pt\/index.php\/wp-json\/wp\/v2\/product_tag?post=4987"}],"curies":[{"name":"wp","href":"https:\/\/api.w.org\/{rel}","templated":true}]}}