{"id":4912,"date":"2025-04-18T16:08:22","date_gmt":"2025-04-18T16:08:22","guid":{"rendered":"https:\/\/casadolivreiro.pt\/?post_type=product&#038;p=4912"},"modified":"2025-04-18T16:08:23","modified_gmt":"2025-04-18T16:08:23","slug":"como-estudar-com-sucesso-e-obter-bons-resultados-nos-exames-michele-brown","status":"publish","type":"product","link":"https:\/\/casadolivreiro.pt\/index.php\/product\/como-estudar-com-sucesso-e-obter-bons-resultados-nos-exames-michele-brown\/","title":{"rendered":"COMO ESTUDAR COM SUCESSO E OBTER BONS RESULTADOS NOS EXAMES \u2013 Mich\u00e8le Brown"},"content":{"rendered":"<p>COMO ESTUDAR COM SUCESSO E OBTER BONS RESULTADOS NOS EXAMES \u2013 Mich\u00e8le Brown<\/p>\n<p>Tradu\u00e7\u00e3o de Isabel Monteiro<\/p>\n<p>Ano de edi\u00e7\u00e3o:\u00a0 1992<\/p>\n<p>Editor: Circulo de Leitores<\/p>\n<p>Idioma: Portugu\u00eas<\/p>\n<p>Dimens\u00f5es: 12.8 x 0.9 x 20.2<\/p>\n<p>Encaderna\u00e7\u00e3o: capa dura<\/p>\n<p>P\u00e1ginas: 102<\/p>\n","protected":false},"excerpt":{"rendered":"<p>COMO ESTUDAR COM SUCESSO E OBTER BONS RESULTADOS NOS EXAMES \u2013 Mich\u00e8le Brown Tradu\u00e7\u00e3o de Isabel Monteiro Ano de edi\u00e7\u00e3o:\u00a0 1992 Editor: Circulo de Leitores Idioma: Portugu\u00eas Dimens\u00f5es: 12.8 x 0.9 x 20.2 Encaderna\u00e7\u00e3o: capa dura P\u00e1ginas: 102<\/p>\n","protected":false},"featured_media":4913,"comment_status":"open","ping_status":"closed","template":"","meta":{"om_disable_all_campaigns":false,"_monsterinsights_skip_tracking":false,"_monsterinsights_sitenote_active":false,"_monsterinsights_sitenote_note":"","_monsterinsights_sitenote_category":0,"_uf_show_specific_survey":0,"_uf_disable_surveys":false},"product_cat":[47,66],"product_tag":[],"aioseo_notices":[],"jetpack_sharing_enabled":true,"_links":{"self":[{"href":"https:\/\/casadolivreiro.pt\/index.php\/wp-json\/wp\/v2\/product\/4912"}],"collection":[{"href":"https:\/\/casadolivreiro.pt\/index.php\/wp-json\/wp\/v2\/product"}],"about":[{"href":"https:\/\/casadolivreiro.pt\/index.php\/wp-json\/wp\/v2\/types\/product"}],"replies":[{"embeddable":true,"href":"https:\/\/casadolivreiro.pt\/index.php\/wp-json\/wp\/v2\/comments?post=4912"}],"wp:featuredmedia":[{"embeddable":true,"href":"https:\/\/casadolivreiro.pt\/index.php\/wp-json\/wp\/v2\/media\/4913"}],"wp:attachment":[{"href":"https:\/\/casadolivreiro.pt\/index.php\/wp-json\/wp\/v2\/media?parent=4912"}],"wp:term":[{"taxonomy":"product_cat","embeddable":true,"href":"https:\/\/casadolivreiro.pt\/index.php\/wp-json\/wp\/v2\/product_cat?post=4912"},{"taxonomy":"product_tag","embeddable":true,"href":"https:\/\/casadolivreiro.pt\/index.php\/wp-json\/wp\/v2\/product_tag?post=4912"}],"curies":[{"name":"wp","href":"https:\/\/api.w.org\/{rel}","templated":true}]}}