{"id":4901,"date":"2025-04-18T15:38:18","date_gmt":"2025-04-18T15:38:18","guid":{"rendered":"https:\/\/casadolivreiro.pt\/?post_type=product&#038;p=4901"},"modified":"2025-04-18T15:38:18","modified_gmt":"2025-04-18T15:38:18","slug":"o-cacto-e-a-rosa-antonio-bagao-felix","status":"publish","type":"product","link":"https:\/\/casadolivreiro.pt\/index.php\/product\/o-cacto-e-a-rosa-antonio-bagao-felix\/","title":{"rendered":"O CACTO E A ROSA \u2013 Ant\u00f3nio Bag\u00e3o F\u00e9lix"},"content":{"rendered":"<p>O CACTO E A ROSA \u2013 Ant\u00f3nio Bag\u00e3o F\u00e9lix<\/p>\n<p>Ano de edi\u00e7\u00e3o:\u00a0 2008, 1.\u00aa edi\u00e7\u00e3o<\/p>\n<p>Editor: Sextante Editora, Lda.<\/p>\n<p>Idioma: Portugu\u00eas<\/p>\n<p>Dimens\u00f5es: 14 x 1.2 x 20<\/p>\n<p>Encaderna\u00e7\u00e3o: capa mole<\/p>\n<p>P\u00e1ginas: 149<\/p>\n","protected":false},"excerpt":{"rendered":"<p>O CACTO E A ROSA \u2013 Ant\u00f3nio Bag\u00e3o F\u00e9lix Ano de edi\u00e7\u00e3o:\u00a0 2008, 1.\u00aa edi\u00e7\u00e3o Editor: Sextante Editora, Lda. Idioma: Portugu\u00eas Dimens\u00f5es: 14 x 1.2 x 20 Encaderna\u00e7\u00e3o: capa mole P\u00e1ginas: 149<\/p>\n","protected":false},"featured_media":4902,"comment_status":"open","ping_status":"closed","template":"","meta":{"om_disable_all_campaigns":false,"_monsterinsights_skip_tracking":false,"_monsterinsights_sitenote_active":false,"_monsterinsights_sitenote_note":"","_monsterinsights_sitenote_category":0,"_uf_show_specific_survey":0,"_uf_disable_surveys":false},"product_cat":[25],"product_tag":[],"aioseo_notices":[],"jetpack_sharing_enabled":true,"_links":{"self":[{"href":"https:\/\/casadolivreiro.pt\/index.php\/wp-json\/wp\/v2\/product\/4901"}],"collection":[{"href":"https:\/\/casadolivreiro.pt\/index.php\/wp-json\/wp\/v2\/product"}],"about":[{"href":"https:\/\/casadolivreiro.pt\/index.php\/wp-json\/wp\/v2\/types\/product"}],"replies":[{"embeddable":true,"href":"https:\/\/casadolivreiro.pt\/index.php\/wp-json\/wp\/v2\/comments?post=4901"}],"wp:featuredmedia":[{"embeddable":true,"href":"https:\/\/casadolivreiro.pt\/index.php\/wp-json\/wp\/v2\/media\/4902"}],"wp:attachment":[{"href":"https:\/\/casadolivreiro.pt\/index.php\/wp-json\/wp\/v2\/media?parent=4901"}],"wp:term":[{"taxonomy":"product_cat","embeddable":true,"href":"https:\/\/casadolivreiro.pt\/index.php\/wp-json\/wp\/v2\/product_cat?post=4901"},{"taxonomy":"product_tag","embeddable":true,"href":"https:\/\/casadolivreiro.pt\/index.php\/wp-json\/wp\/v2\/product_tag?post=4901"}],"curies":[{"name":"wp","href":"https:\/\/api.w.org\/{rel}","templated":true}]}}