{"id":4831,"date":"2025-04-16T22:07:25","date_gmt":"2025-04-16T22:07:25","guid":{"rendered":"https:\/\/casadolivreiro.pt\/?post_type=product&#038;p=4831"},"modified":"2025-04-16T22:07:26","modified_gmt":"2025-04-16T22:07:26","slug":"a-conquista-do-espaco-laurent-broomhead-daniel-sassier","status":"publish","type":"product","link":"https:\/\/casadolivreiro.pt\/index.php\/product\/a-conquista-do-espaco-laurent-broomhead-daniel-sassier\/","title":{"rendered":"\u00c0 CONQUISTA DO ESPA\u00c7O \u2013 Laurent Broomhead, Daniel Sassier"},"content":{"rendered":"<p>\u00c0 CONQUISTA DO ESPA\u00c7O \u2013 Laurent Broomhead, Daniel Sassier<\/p>\n<p>Colec\u00e7\u00e3o O Mundo no Bolso<\/p>\n<p>Tradu\u00e7\u00e3o de Isabel Braga<\/p>\n<p>Ano de edi\u00e7\u00e3o: 1984<\/p>\n<p>Editor: Editorial Inqu\u00e9rito, LIsboa<\/p>\n<p>Idioma: Portugu\u00eas<\/p>\n<p>Dimens\u00f5es: 11.5 x 0.8 x 18 cm<\/p>\n<p>Encaderna\u00e7\u00e3o: Capa mole<\/p>\n<p>P\u00e1ginas: 80<\/p>\n","protected":false},"excerpt":{"rendered":"<p>\u00c0 CONQUISTA DO ESPA\u00c7O \u2013 Laurent Broomhead, Daniel Sassier Colec\u00e7\u00e3o O Mundo no Bolso Tradu\u00e7\u00e3o de Isabel Braga Ano de edi\u00e7\u00e3o: 1984 Editor: Editorial Inqu\u00e9rito, LIsboa Idioma: Portugu\u00eas Dimens\u00f5es: 11.5 x 0.8 x 18 cm Encaderna\u00e7\u00e3o: Capa mole P\u00e1ginas: 80<\/p>\n","protected":false},"featured_media":4832,"comment_status":"open","ping_status":"closed","template":"","meta":{"om_disable_all_campaigns":false,"_monsterinsights_skip_tracking":false,"_monsterinsights_sitenote_active":false,"_monsterinsights_sitenote_note":"","_monsterinsights_sitenote_category":0,"_uf_show_specific_survey":0,"_uf_disable_surveys":false},"product_cat":[32,47,66],"product_tag":[],"aioseo_notices":[],"jetpack_sharing_enabled":true,"_links":{"self":[{"href":"https:\/\/casadolivreiro.pt\/index.php\/wp-json\/wp\/v2\/product\/4831"}],"collection":[{"href":"https:\/\/casadolivreiro.pt\/index.php\/wp-json\/wp\/v2\/product"}],"about":[{"href":"https:\/\/casadolivreiro.pt\/index.php\/wp-json\/wp\/v2\/types\/product"}],"replies":[{"embeddable":true,"href":"https:\/\/casadolivreiro.pt\/index.php\/wp-json\/wp\/v2\/comments?post=4831"}],"wp:featuredmedia":[{"embeddable":true,"href":"https:\/\/casadolivreiro.pt\/index.php\/wp-json\/wp\/v2\/media\/4832"}],"wp:attachment":[{"href":"https:\/\/casadolivreiro.pt\/index.php\/wp-json\/wp\/v2\/media?parent=4831"}],"wp:term":[{"taxonomy":"product_cat","embeddable":true,"href":"https:\/\/casadolivreiro.pt\/index.php\/wp-json\/wp\/v2\/product_cat?post=4831"},{"taxonomy":"product_tag","embeddable":true,"href":"https:\/\/casadolivreiro.pt\/index.php\/wp-json\/wp\/v2\/product_tag?post=4831"}],"curies":[{"name":"wp","href":"https:\/\/api.w.org\/{rel}","templated":true}]}}