{"id":4825,"date":"2025-04-16T21:46:59","date_gmt":"2025-04-16T21:46:59","guid":{"rendered":"https:\/\/casadolivreiro.pt\/?post_type=product&#038;p=4825"},"modified":"2025-04-16T21:46:59","modified_gmt":"2025-04-16T21:46:59","slug":"a-saude-pela-argila-andre-passebecq","status":"publish","type":"product","link":"https:\/\/casadolivreiro.pt\/index.php\/product\/a-saude-pela-argila-andre-passebecq\/","title":{"rendered":"A SA\u00daDE PELA ARGILA \u2013 Andr\u00e9 Passebecq"},"content":{"rendered":"<p>A SA\u00daDE PELA ARGILA \u2013 Andr\u00e9 Passebecq<\/p>\n<p>Enciclop\u00e9dia da vida pr\u00e1tica #13<\/p>\n<p>Tradu\u00e7\u00e3o de L. Campos<\/p>\n<p>Ano de edi\u00e7\u00e3o:<\/p>\n<p>Editor: Editorial Not\u00edcias, Lisboa<\/p>\n<p>Idioma: Portugu\u00eas<\/p>\n<p>Dimens\u00f5es: 12 x 0.9 x 17.9 cm<\/p>\n<p>Encaderna\u00e7\u00e3o: Capa mole<\/p>\n<p>P\u00e1ginas: 124<\/p>\n","protected":false},"excerpt":{"rendered":"<p>A SA\u00daDE PELA ARGILA \u2013 Andr\u00e9 Passebecq Enciclop\u00e9dia da vida pr\u00e1tica #13 Tradu\u00e7\u00e3o de L. Campos Ano de edi\u00e7\u00e3o: Editor: Editorial Not\u00edcias, Lisboa Idioma: Portugu\u00eas Dimens\u00f5es: 12 x 0.9 x 17.9 cm Encaderna\u00e7\u00e3o: Capa mole P\u00e1ginas: 124<\/p>\n","protected":false},"featured_media":4826,"comment_status":"open","ping_status":"closed","template":"","meta":{"om_disable_all_campaigns":false,"_monsterinsights_skip_tracking":false,"_monsterinsights_sitenote_active":false,"_monsterinsights_sitenote_note":"","_monsterinsights_sitenote_category":0,"_uf_show_specific_survey":0,"_uf_disable_surveys":false},"product_cat":[40,66],"product_tag":[],"aioseo_notices":[],"jetpack_sharing_enabled":true,"_links":{"self":[{"href":"https:\/\/casadolivreiro.pt\/index.php\/wp-json\/wp\/v2\/product\/4825"}],"collection":[{"href":"https:\/\/casadolivreiro.pt\/index.php\/wp-json\/wp\/v2\/product"}],"about":[{"href":"https:\/\/casadolivreiro.pt\/index.php\/wp-json\/wp\/v2\/types\/product"}],"replies":[{"embeddable":true,"href":"https:\/\/casadolivreiro.pt\/index.php\/wp-json\/wp\/v2\/comments?post=4825"}],"wp:featuredmedia":[{"embeddable":true,"href":"https:\/\/casadolivreiro.pt\/index.php\/wp-json\/wp\/v2\/media\/4826"}],"wp:attachment":[{"href":"https:\/\/casadolivreiro.pt\/index.php\/wp-json\/wp\/v2\/media?parent=4825"}],"wp:term":[{"taxonomy":"product_cat","embeddable":true,"href":"https:\/\/casadolivreiro.pt\/index.php\/wp-json\/wp\/v2\/product_cat?post=4825"},{"taxonomy":"product_tag","embeddable":true,"href":"https:\/\/casadolivreiro.pt\/index.php\/wp-json\/wp\/v2\/product_tag?post=4825"}],"curies":[{"name":"wp","href":"https:\/\/api.w.org\/{rel}","templated":true}]}}