{"id":4634,"date":"2025-04-14T20:23:06","date_gmt":"2025-04-14T20:23:06","guid":{"rendered":"https:\/\/casadolivreiro.pt\/?post_type=product&#038;p=4634"},"modified":"2025-04-14T20:23:06","modified_gmt":"2025-04-14T20:23:06","slug":"the-zx-spectrum-and-how-to-get-the-most-from-it-ian-sinclair","status":"publish","type":"product","link":"https:\/\/casadolivreiro.pt\/index.php\/product\/the-zx-spectrum-and-how-to-get-the-most-from-it-ian-sinclair\/","title":{"rendered":"THE ZX SPECTRUM and how to get the most from it \u2013 Ian Sinclair"},"content":{"rendered":"<p>THE ZX SPECTRUM and how to get the most from it \u2013 Ian Sinclair<\/p>\n<p>Ano de edi\u00e7\u00e3o:\u00a0 1982, 1.\u00aa edi\u00e7\u00e3o<\/p>\n<p>Editor: Granada Publishing<\/p>\n<p>Idioma: Ingl\u00eas<\/p>\n<p>Dimens\u00f5es: 15 x 1 x 22.5<\/p>\n<p>Encaderna\u00e7\u00e3o: capa mole (re-binded)<\/p>\n<p>P\u00e1ginas: 130<\/p>\n","protected":false},"excerpt":{"rendered":"<p>THE ZX SPECTRUM and how to get the most from it \u2013 Ian Sinclair Ano de edi\u00e7\u00e3o:\u00a0 1982, 1.\u00aa edi\u00e7\u00e3o Editor: Granada Publishing Idioma: Ingl\u00eas Dimens\u00f5es: 15 x 1 x 22.5 Encaderna\u00e7\u00e3o: capa mole (re-binded) P\u00e1ginas: 130<\/p>\n","protected":false},"featured_media":4635,"comment_status":"open","ping_status":"closed","template":"","meta":{"om_disable_all_campaigns":false,"_monsterinsights_skip_tracking":false,"_monsterinsights_sitenote_active":false,"_monsterinsights_sitenote_note":"","_monsterinsights_sitenote_category":0,"_uf_show_specific_survey":0,"_uf_disable_surveys":false},"product_cat":[48],"product_tag":[],"aioseo_notices":[],"jetpack_sharing_enabled":true,"_links":{"self":[{"href":"https:\/\/casadolivreiro.pt\/index.php\/wp-json\/wp\/v2\/product\/4634"}],"collection":[{"href":"https:\/\/casadolivreiro.pt\/index.php\/wp-json\/wp\/v2\/product"}],"about":[{"href":"https:\/\/casadolivreiro.pt\/index.php\/wp-json\/wp\/v2\/types\/product"}],"replies":[{"embeddable":true,"href":"https:\/\/casadolivreiro.pt\/index.php\/wp-json\/wp\/v2\/comments?post=4634"}],"wp:featuredmedia":[{"embeddable":true,"href":"https:\/\/casadolivreiro.pt\/index.php\/wp-json\/wp\/v2\/media\/4635"}],"wp:attachment":[{"href":"https:\/\/casadolivreiro.pt\/index.php\/wp-json\/wp\/v2\/media?parent=4634"}],"wp:term":[{"taxonomy":"product_cat","embeddable":true,"href":"https:\/\/casadolivreiro.pt\/index.php\/wp-json\/wp\/v2\/product_cat?post=4634"},{"taxonomy":"product_tag","embeddable":true,"href":"https:\/\/casadolivreiro.pt\/index.php\/wp-json\/wp\/v2\/product_tag?post=4634"}],"curies":[{"name":"wp","href":"https:\/\/api.w.org\/{rel}","templated":true}]}}