{"id":4574,"date":"2025-04-13T19:37:52","date_gmt":"2025-04-13T19:37:52","guid":{"rendered":"https:\/\/casadolivreiro.pt\/?post_type=product&#038;p=4574"},"modified":"2025-04-13T19:37:52","modified_gmt":"2025-04-13T19:37:52","slug":"ao-servico-da-rainha-do-mundo-2-a-serie-ano-v-n-o-27-julho-agosto-1976","status":"publish","type":"product","link":"https:\/\/casadolivreiro.pt\/index.php\/product\/ao-servico-da-rainha-do-mundo-2-a-serie-ano-v-n-o-27-julho-agosto-1976\/","title":{"rendered":"AO SERVI\u00c7O DA RAINHA DO MUNDO, 2.\u00aa s\u00e9rie \u2013 Ano V \u2013 N.\u00ba 27 \u2013 Julho\/ Agosto 1976"},"content":{"rendered":"<p>AO SERVI\u00c7O DA RAINHA DO MUNDO, 2.\u00aa s\u00e9rie \u2013 Ano V \u2013 N.\u00ba 27 \u2013 Julho\/ Agosto 1976<\/p>\n<p>Ano de edi\u00e7\u00e3o:\u00a0 1976<\/p>\n<p>Editor: COR UNUM<\/p>\n<p>Idioma: Portugu\u00eas<\/p>\n<p>Dimens\u00f5es: 12 x 0.2 x 17.3<\/p>\n<p>Encaderna\u00e7\u00e3o: capa mole<\/p>\n<p>P\u00e1ginas: 32<\/p>\n","protected":false},"excerpt":{"rendered":"<p>AO SERVI\u00c7O DA RAINHA DO MUNDO, 2.\u00aa s\u00e9rie \u2013 Ano V \u2013 N.\u00ba 27 \u2013 Julho\/ Agosto 1976 Ano de edi\u00e7\u00e3o:\u00a0 1976 Editor: COR UNUM Idioma: Portugu\u00eas Dimens\u00f5es: 12 x 0.2 x 17.3 Encaderna\u00e7\u00e3o: capa mole P\u00e1ginas: 32<\/p>\n","protected":false},"featured_media":4575,"comment_status":"open","ping_status":"closed","template":"","meta":{"om_disable_all_campaigns":false,"_monsterinsights_skip_tracking":false,"_monsterinsights_sitenote_active":false,"_monsterinsights_sitenote_note":"","_monsterinsights_sitenote_category":0,"_uf_show_specific_survey":0,"_uf_disable_surveys":false},"product_cat":[33,65],"product_tag":[],"aioseo_notices":[],"jetpack_sharing_enabled":true,"_links":{"self":[{"href":"https:\/\/casadolivreiro.pt\/index.php\/wp-json\/wp\/v2\/product\/4574"}],"collection":[{"href":"https:\/\/casadolivreiro.pt\/index.php\/wp-json\/wp\/v2\/product"}],"about":[{"href":"https:\/\/casadolivreiro.pt\/index.php\/wp-json\/wp\/v2\/types\/product"}],"replies":[{"embeddable":true,"href":"https:\/\/casadolivreiro.pt\/index.php\/wp-json\/wp\/v2\/comments?post=4574"}],"wp:featuredmedia":[{"embeddable":true,"href":"https:\/\/casadolivreiro.pt\/index.php\/wp-json\/wp\/v2\/media\/4575"}],"wp:attachment":[{"href":"https:\/\/casadolivreiro.pt\/index.php\/wp-json\/wp\/v2\/media?parent=4574"}],"wp:term":[{"taxonomy":"product_cat","embeddable":true,"href":"https:\/\/casadolivreiro.pt\/index.php\/wp-json\/wp\/v2\/product_cat?post=4574"},{"taxonomy":"product_tag","embeddable":true,"href":"https:\/\/casadolivreiro.pt\/index.php\/wp-json\/wp\/v2\/product_tag?post=4574"}],"curies":[{"name":"wp","href":"https:\/\/api.w.org\/{rel}","templated":true}]}}