{"id":4567,"date":"2025-04-13T17:08:13","date_gmt":"2025-04-13T17:08:13","guid":{"rendered":"https:\/\/casadolivreiro.pt\/?post_type=product&#038;p=4567"},"modified":"2025-04-13T17:08:14","modified_gmt":"2025-04-13T17:08:14","slug":"no-coracao-da-igreja-testemunhos-dos-consagrados-naturais-da-vigararia-de-mafra","status":"publish","type":"product","link":"https:\/\/casadolivreiro.pt\/index.php\/product\/no-coracao-da-igreja-testemunhos-dos-consagrados-naturais-da-vigararia-de-mafra\/","title":{"rendered":"NO CORA\u00c7\u00c3O DA IGREJA: Testemunhos dos consagrados naturais da vigararia de Mafra"},"content":{"rendered":"<p>NO CORA\u00c7\u00c3O DA IGREJA: Testemunhos dos consagrados naturais da vigararia de Mafra<\/p>\n<p>Ano de edi\u00e7\u00e3o:\u00a0 2014<\/p>\n<p>Editor: Vigorario de Mafra<\/p>\n<p>Idioma: Portugu\u00eas<\/p>\n<p>Dimens\u00f5es: 14 x 0.7 x 21<\/p>\n<p>Encaderna\u00e7\u00e3o: capa mole<\/p>\n<p>P\u00e1ginas: 99<\/p>\n","protected":false},"excerpt":{"rendered":"<p>NO CORA\u00c7\u00c3O DA IGREJA: Testemunhos dos consagrados naturais da vigararia de Mafra Ano de edi\u00e7\u00e3o:\u00a0 2014 Editor: Vigorario de Mafra Idioma: Portugu\u00eas Dimens\u00f5es: 14 x 0.7 x 21 Encaderna\u00e7\u00e3o: capa mole P\u00e1ginas: 99<\/p>\n","protected":false},"featured_media":4568,"comment_status":"open","ping_status":"closed","template":"","meta":{"om_disable_all_campaigns":false,"_monsterinsights_skip_tracking":false,"_monsterinsights_sitenote_active":false,"_monsterinsights_sitenote_note":"","_monsterinsights_sitenote_category":0,"_uf_show_specific_survey":0,"_uf_disable_surveys":false},"product_cat":[33],"product_tag":[],"aioseo_notices":[],"jetpack_sharing_enabled":true,"_links":{"self":[{"href":"https:\/\/casadolivreiro.pt\/index.php\/wp-json\/wp\/v2\/product\/4567"}],"collection":[{"href":"https:\/\/casadolivreiro.pt\/index.php\/wp-json\/wp\/v2\/product"}],"about":[{"href":"https:\/\/casadolivreiro.pt\/index.php\/wp-json\/wp\/v2\/types\/product"}],"replies":[{"embeddable":true,"href":"https:\/\/casadolivreiro.pt\/index.php\/wp-json\/wp\/v2\/comments?post=4567"}],"wp:featuredmedia":[{"embeddable":true,"href":"https:\/\/casadolivreiro.pt\/index.php\/wp-json\/wp\/v2\/media\/4568"}],"wp:attachment":[{"href":"https:\/\/casadolivreiro.pt\/index.php\/wp-json\/wp\/v2\/media?parent=4567"}],"wp:term":[{"taxonomy":"product_cat","embeddable":true,"href":"https:\/\/casadolivreiro.pt\/index.php\/wp-json\/wp\/v2\/product_cat?post=4567"},{"taxonomy":"product_tag","embeddable":true,"href":"https:\/\/casadolivreiro.pt\/index.php\/wp-json\/wp\/v2\/product_tag?post=4567"}],"curies":[{"name":"wp","href":"https:\/\/api.w.org\/{rel}","templated":true}]}}