{"id":4565,"date":"2025-04-13T17:03:51","date_gmt":"2025-04-13T17:03:51","guid":{"rendered":"https:\/\/casadolivreiro.pt\/?post_type=product&#038;p=4565"},"modified":"2025-04-13T17:03:51","modified_gmt":"2025-04-13T17:03:51","slug":"surtos-i-fernando-aguiar-branco","status":"publish","type":"product","link":"https:\/\/casadolivreiro.pt\/index.php\/product\/surtos-i-fernando-aguiar-branco\/","title":{"rendered":"SURTOS I \u2013 Fernando Aguiar-Branco"},"content":{"rendered":"<p>SURTOS I \u2013 Fernando Aguiar-Branco<\/p>\n<p>Ano de edi\u00e7\u00e3o:\u00a0 2000<\/p>\n<p>Editor: Funda\u00e7\u00e3o Eng. Ant\u00f3nio de Almeida<\/p>\n<p>Idioma: Portugu\u00eas<\/p>\n<p>Dimens\u00f5es: 13.5 x 1.5 x 21<\/p>\n<p>Encaderna\u00e7\u00e3o: capa mole<\/p>\n<p>P\u00e1ginas: 247<\/p>\n","protected":false},"excerpt":{"rendered":"<p>SURTOS I \u2013 Fernando Aguiar-Branco Ano de edi\u00e7\u00e3o:\u00a0 2000 Editor: Funda\u00e7\u00e3o Eng. Ant\u00f3nio de Almeida Idioma: Portugu\u00eas Dimens\u00f5es: 13.5 x 1.5 x 21 Encaderna\u00e7\u00e3o: capa mole P\u00e1ginas: 247<\/p>\n","protected":false},"featured_media":4566,"comment_status":"open","ping_status":"closed","template":"","meta":{"om_disable_all_campaigns":false,"_monsterinsights_skip_tracking":false,"_monsterinsights_sitenote_active":false,"_monsterinsights_sitenote_note":"","_monsterinsights_sitenote_category":0,"_uf_show_specific_survey":0,"_uf_disable_surveys":false},"product_cat":[31],"product_tag":[],"aioseo_notices":[],"jetpack_sharing_enabled":true,"_links":{"self":[{"href":"https:\/\/casadolivreiro.pt\/index.php\/wp-json\/wp\/v2\/product\/4565"}],"collection":[{"href":"https:\/\/casadolivreiro.pt\/index.php\/wp-json\/wp\/v2\/product"}],"about":[{"href":"https:\/\/casadolivreiro.pt\/index.php\/wp-json\/wp\/v2\/types\/product"}],"replies":[{"embeddable":true,"href":"https:\/\/casadolivreiro.pt\/index.php\/wp-json\/wp\/v2\/comments?post=4565"}],"wp:featuredmedia":[{"embeddable":true,"href":"https:\/\/casadolivreiro.pt\/index.php\/wp-json\/wp\/v2\/media\/4566"}],"wp:attachment":[{"href":"https:\/\/casadolivreiro.pt\/index.php\/wp-json\/wp\/v2\/media?parent=4565"}],"wp:term":[{"taxonomy":"product_cat","embeddable":true,"href":"https:\/\/casadolivreiro.pt\/index.php\/wp-json\/wp\/v2\/product_cat?post=4565"},{"taxonomy":"product_tag","embeddable":true,"href":"https:\/\/casadolivreiro.pt\/index.php\/wp-json\/wp\/v2\/product_tag?post=4565"}],"curies":[{"name":"wp","href":"https:\/\/api.w.org\/{rel}","templated":true}]}}