{"id":4550,"date":"2025-04-13T16:03:43","date_gmt":"2025-04-13T16:03:43","guid":{"rendered":"https:\/\/casadolivreiro.pt\/?post_type=product&#038;p=4550"},"modified":"2025-04-13T16:03:43","modified_gmt":"2025-04-13T16:03:43","slug":"espelhos-da-alma-kahlil-gibran","status":"publish","type":"product","link":"https:\/\/casadolivreiro.pt\/index.php\/product\/espelhos-da-alma-kahlil-gibran\/","title":{"rendered":"ESPELHOS DA ALMA \u2013 Kahlil Gibran"},"content":{"rendered":"<p>ESPELHOS DA ALMA \u2013 Kahlil Gibran<\/p>\n<p>Tradu\u00e7\u00e3o de Tania Maria Farhat Pires e Emil Farhat<\/p>\n<p>Ano de edi\u00e7\u00e3o:\u00a0 1965<\/p>\n<p>Editor: Distribuidora Record, Rio de Janeiro<\/p>\n<p>Idioma: Portugu\u00eas<\/p>\n<p>Dimens\u00f5es: 13.9 x 1 x 20.9<\/p>\n<p>Encaderna\u00e7\u00e3o: capa mole<\/p>\n<p>P\u00e1ginas: 116<\/p>\n","protected":false},"excerpt":{"rendered":"<p>ESPELHOS DA ALMA \u2013 Kahlil Gibran Tradu\u00e7\u00e3o de Tania Maria Farhat Pires e Emil Farhat Ano de edi\u00e7\u00e3o:\u00a0 1965 Editor: Distribuidora Record, Rio de Janeiro Idioma: Portugu\u00eas Dimens\u00f5es: 13.9 x 1 x 20.9 Encaderna\u00e7\u00e3o: capa mole P\u00e1ginas: 116<\/p>\n","protected":false},"featured_media":4548,"comment_status":"open","ping_status":"closed","template":"","meta":{"om_disable_all_campaigns":false,"_monsterinsights_skip_tracking":false,"_monsterinsights_sitenote_active":false,"_monsterinsights_sitenote_note":"","_monsterinsights_sitenote_category":0,"_uf_show_specific_survey":0,"_uf_disable_surveys":false},"product_cat":[33],"product_tag":[],"aioseo_notices":[],"jetpack_sharing_enabled":true,"_links":{"self":[{"href":"https:\/\/casadolivreiro.pt\/index.php\/wp-json\/wp\/v2\/product\/4550"}],"collection":[{"href":"https:\/\/casadolivreiro.pt\/index.php\/wp-json\/wp\/v2\/product"}],"about":[{"href":"https:\/\/casadolivreiro.pt\/index.php\/wp-json\/wp\/v2\/types\/product"}],"replies":[{"embeddable":true,"href":"https:\/\/casadolivreiro.pt\/index.php\/wp-json\/wp\/v2\/comments?post=4550"}],"wp:featuredmedia":[{"embeddable":true,"href":"https:\/\/casadolivreiro.pt\/index.php\/wp-json\/wp\/v2\/media\/4548"}],"wp:attachment":[{"href":"https:\/\/casadolivreiro.pt\/index.php\/wp-json\/wp\/v2\/media?parent=4550"}],"wp:term":[{"taxonomy":"product_cat","embeddable":true,"href":"https:\/\/casadolivreiro.pt\/index.php\/wp-json\/wp\/v2\/product_cat?post=4550"},{"taxonomy":"product_tag","embeddable":true,"href":"https:\/\/casadolivreiro.pt\/index.php\/wp-json\/wp\/v2\/product_tag?post=4550"}],"curies":[{"name":"wp","href":"https:\/\/api.w.org\/{rel}","templated":true}]}}