{"id":4516,"date":"2025-04-12T23:09:40","date_gmt":"2025-04-12T23:09:40","guid":{"rendered":"https:\/\/casadolivreiro.pt\/?post_type=product&#038;p=4516"},"modified":"2025-04-12T23:09:40","modified_gmt":"2025-04-12T23:09:40","slug":"cartas-de-amor-do-profeta-kahlil-gibran","status":"publish","type":"product","link":"https:\/\/casadolivreiro.pt\/index.php\/product\/cartas-de-amor-do-profeta-kahlil-gibran\/","title":{"rendered":"CARTAS DE AMOR DO PROFETA \u2013 Kahlil Gibran"},"content":{"rendered":"<p>CARTAS DE AMOR DO PROFETA \u2013 Kahlil Gibran<\/p>\n<p>Traduzido\u00a0 e Adaptado por Paulo Coelho<\/p>\n<p>Ano de edi\u00e7\u00e3o:\u00a0 1997, 1.\u00aa edi\u00e7\u00e3o<\/p>\n<p>Editor: Editora Pergaminho, Lisboa<\/p>\n<p>Idioma: Portugu\u00eas<\/p>\n<p>Dimens\u00f5es: 14 x 1 x 20.5<\/p>\n<p>Encaderna\u00e7\u00e3o: capa mole<\/p>\n<p>P\u00e1ginas: 111<\/p>\n","protected":false},"excerpt":{"rendered":"<p>CARTAS DE AMOR DO PROFETA \u2013 Kahlil Gibran Traduzido\u00a0 e Adaptado por Paulo Coelho Ano de edi\u00e7\u00e3o:\u00a0 1997, 1.\u00aa edi\u00e7\u00e3o Editor: Editora Pergaminho, Lisboa Idioma: Portugu\u00eas Dimens\u00f5es: 14 x 1 x 20.5 Encaderna\u00e7\u00e3o: capa mole P\u00e1ginas: 111<\/p>\n","protected":false},"featured_media":4517,"comment_status":"open","ping_status":"closed","template":"","meta":{"om_disable_all_campaigns":false,"_monsterinsights_skip_tracking":false,"_monsterinsights_sitenote_active":false,"_monsterinsights_sitenote_note":"","_monsterinsights_sitenote_category":0,"_uf_show_specific_survey":0,"_uf_disable_surveys":false},"product_cat":[33,29,26],"product_tag":[],"aioseo_notices":[],"jetpack_sharing_enabled":true,"_links":{"self":[{"href":"https:\/\/casadolivreiro.pt\/index.php\/wp-json\/wp\/v2\/product\/4516"}],"collection":[{"href":"https:\/\/casadolivreiro.pt\/index.php\/wp-json\/wp\/v2\/product"}],"about":[{"href":"https:\/\/casadolivreiro.pt\/index.php\/wp-json\/wp\/v2\/types\/product"}],"replies":[{"embeddable":true,"href":"https:\/\/casadolivreiro.pt\/index.php\/wp-json\/wp\/v2\/comments?post=4516"}],"wp:featuredmedia":[{"embeddable":true,"href":"https:\/\/casadolivreiro.pt\/index.php\/wp-json\/wp\/v2\/media\/4517"}],"wp:attachment":[{"href":"https:\/\/casadolivreiro.pt\/index.php\/wp-json\/wp\/v2\/media?parent=4516"}],"wp:term":[{"taxonomy":"product_cat","embeddable":true,"href":"https:\/\/casadolivreiro.pt\/index.php\/wp-json\/wp\/v2\/product_cat?post=4516"},{"taxonomy":"product_tag","embeddable":true,"href":"https:\/\/casadolivreiro.pt\/index.php\/wp-json\/wp\/v2\/product_tag?post=4516"}],"curies":[{"name":"wp","href":"https:\/\/api.w.org\/{rel}","templated":true}]}}