{"id":4514,"date":"2025-04-12T20:25:43","date_gmt":"2025-04-12T20:25:43","guid":{"rendered":"https:\/\/casadolivreiro.pt\/?post_type=product&#038;p=4514"},"modified":"2025-04-12T20:25:43","modified_gmt":"2025-04-12T20:25:43","slug":"os-mouros-fatimidas-e-as-aparicoes-de-fatima-moises-espirito-santo","status":"publish","type":"product","link":"https:\/\/casadolivreiro.pt\/index.php\/product\/os-mouros-fatimidas-e-as-aparicoes-de-fatima-moises-espirito-santo\/","title":{"rendered":"OS MOUROS FATIMIDAS E AS APARI\u00c7\u00d5ES DE F\u00c1TIMA \u2013 Mois\u00e9s Esp\u00edrito Santo"},"content":{"rendered":"<p>OS MOUROS FATIMIDAS E AS APARI\u00c7\u00d5ES DE F\u00c1TIMA \u2013 Mois\u00e9s Esp\u00edrito Santo<\/p>\n<p>Ano de edi\u00e7\u00e3o:\u00a0 1995<\/p>\n<p>Editor: Instituto de Sociologia e Etnologia das Religi\u00f5es, Universidade Nova de Lisboa<\/p>\n<p>Idioma: Portugu\u00eas<\/p>\n<p>Dimens\u00f5es: 16 x 2.2 x 23<\/p>\n<p>Encaderna\u00e7\u00e3o: capa mole<\/p>\n<p>P\u00e1ginas: 371<\/p>\n","protected":false},"excerpt":{"rendered":"<p>OS MOUROS FATIMIDAS E AS APARI\u00c7\u00d5ES DE F\u00c1TIMA \u2013 Mois\u00e9s Esp\u00edrito Santo Ano de edi\u00e7\u00e3o:\u00a0 1995 Editor: Instituto de Sociologia e Etnologia das Religi\u00f5es, Universidade Nova de Lisboa Idioma: Portugu\u00eas Dimens\u00f5es: 16 x 2.2 x 23 Encaderna\u00e7\u00e3o: capa mole P\u00e1ginas: 371<\/p>\n","protected":false},"featured_media":4515,"comment_status":"open","ping_status":"closed","template":"","meta":{"om_disable_all_campaigns":false,"_monsterinsights_skip_tracking":false,"_monsterinsights_sitenote_active":false,"_monsterinsights_sitenote_note":"","_monsterinsights_sitenote_category":0,"_uf_show_specific_survey":0,"_uf_disable_surveys":false},"product_cat":[31,33,30],"product_tag":[],"aioseo_notices":[],"jetpack_sharing_enabled":true,"_links":{"self":[{"href":"https:\/\/casadolivreiro.pt\/index.php\/wp-json\/wp\/v2\/product\/4514"}],"collection":[{"href":"https:\/\/casadolivreiro.pt\/index.php\/wp-json\/wp\/v2\/product"}],"about":[{"href":"https:\/\/casadolivreiro.pt\/index.php\/wp-json\/wp\/v2\/types\/product"}],"replies":[{"embeddable":true,"href":"https:\/\/casadolivreiro.pt\/index.php\/wp-json\/wp\/v2\/comments?post=4514"}],"wp:featuredmedia":[{"embeddable":true,"href":"https:\/\/casadolivreiro.pt\/index.php\/wp-json\/wp\/v2\/media\/4515"}],"wp:attachment":[{"href":"https:\/\/casadolivreiro.pt\/index.php\/wp-json\/wp\/v2\/media?parent=4514"}],"wp:term":[{"taxonomy":"product_cat","embeddable":true,"href":"https:\/\/casadolivreiro.pt\/index.php\/wp-json\/wp\/v2\/product_cat?post=4514"},{"taxonomy":"product_tag","embeddable":true,"href":"https:\/\/casadolivreiro.pt\/index.php\/wp-json\/wp\/v2\/product_tag?post=4514"}],"curies":[{"name":"wp","href":"https:\/\/api.w.org\/{rel}","templated":true}]}}