{"id":4450,"date":"2025-04-11T23:34:11","date_gmt":"2025-04-11T23:34:11","guid":{"rendered":"https:\/\/casadolivreiro.pt\/?post_type=product&#038;p=4450"},"modified":"2025-04-11T23:34:11","modified_gmt":"2025-04-11T23:34:11","slug":"deuses-tumulos-e-sabios-o-romance-da-arqueologia-c-w-ceram","status":"publish","type":"product","link":"https:\/\/casadolivreiro.pt\/index.php\/product\/deuses-tumulos-e-sabios-o-romance-da-arqueologia-c-w-ceram\/","title":{"rendered":"DEUSES T\u00daMULOS E S\u00c1BIOS: O ROMANCE DA ARQUEOLOGIA \u2013 C. W. Ceram"},"content":{"rendered":"<p>DEUSES T\u00daMULOS E S\u00c1BIOS: O ROMANCE DA ARQUEOLOGIA \u2013 C. W. Ceram<\/p>\n<p>Colec\u00e7\u00e3o Vida e Cultura<\/p>\n<p>Tradu\u00e7\u00e3o de Elisa Lopes Ribeiro<\/p>\n<p>Ano de edi\u00e7\u00e3o:<\/p>\n<p>Editor: Livros do Brasil, Lisboa<\/p>\n<p>Idioma: Portugu\u00eas<\/p>\n<p>Dimens\u00f5es: 15 x 2.6 x 21.6<\/p>\n<p>Encaderna\u00e7\u00e3o: capa mole<\/p>\n<p>P\u00e1ginas: 379<\/p>\n","protected":false},"excerpt":{"rendered":"<p>DEUSES T\u00daMULOS E S\u00c1BIOS: O ROMANCE DA ARQUEOLOGIA \u2013 C. W. Ceram Colec\u00e7\u00e3o Vida e Cultura Tradu\u00e7\u00e3o de Elisa Lopes Ribeiro Ano de edi\u00e7\u00e3o: Editor: Livros do Brasil, Lisboa Idioma: Portugu\u00eas Dimens\u00f5es: 15 x 2.6 x 21.6 Encaderna\u00e7\u00e3o: capa mole P\u00e1ginas: 379<\/p>\n","protected":false},"featured_media":4451,"comment_status":"open","ping_status":"closed","template":"","meta":{"om_disable_all_campaigns":false,"_monsterinsights_skip_tracking":false,"_monsterinsights_sitenote_active":false,"_monsterinsights_sitenote_note":"","_monsterinsights_sitenote_category":0,"_uf_show_specific_survey":0,"_uf_disable_surveys":false},"product_cat":[31,47,30,62],"product_tag":[],"aioseo_notices":[],"jetpack_sharing_enabled":true,"_links":{"self":[{"href":"https:\/\/casadolivreiro.pt\/index.php\/wp-json\/wp\/v2\/product\/4450"}],"collection":[{"href":"https:\/\/casadolivreiro.pt\/index.php\/wp-json\/wp\/v2\/product"}],"about":[{"href":"https:\/\/casadolivreiro.pt\/index.php\/wp-json\/wp\/v2\/types\/product"}],"replies":[{"embeddable":true,"href":"https:\/\/casadolivreiro.pt\/index.php\/wp-json\/wp\/v2\/comments?post=4450"}],"wp:featuredmedia":[{"embeddable":true,"href":"https:\/\/casadolivreiro.pt\/index.php\/wp-json\/wp\/v2\/media\/4451"}],"wp:attachment":[{"href":"https:\/\/casadolivreiro.pt\/index.php\/wp-json\/wp\/v2\/media?parent=4450"}],"wp:term":[{"taxonomy":"product_cat","embeddable":true,"href":"https:\/\/casadolivreiro.pt\/index.php\/wp-json\/wp\/v2\/product_cat?post=4450"},{"taxonomy":"product_tag","embeddable":true,"href":"https:\/\/casadolivreiro.pt\/index.php\/wp-json\/wp\/v2\/product_tag?post=4450"}],"curies":[{"name":"wp","href":"https:\/\/api.w.org\/{rel}","templated":true}]}}