{"id":4429,"date":"2025-04-11T19:31:49","date_gmt":"2025-04-11T19:31:49","guid":{"rendered":"https:\/\/casadolivreiro.pt\/?post_type=product&#038;p=4429"},"modified":"2025-04-22T13:39:05","modified_gmt":"2025-04-22T13:39:05","slug":"amor-e-responsabilidade-moral-sexual-e-vida-interpessoal-karol-wojtyla-joao-paulo-ii","status":"publish","type":"product","link":"https:\/\/casadolivreiro.pt\/index.php\/product\/amor-e-responsabilidade-moral-sexual-e-vida-interpessoal-karol-wojtyla-joao-paulo-ii\/","title":{"rendered":"AMOR E RESPONSABILIDADE: Moral sexual e vida interpessoal \u2013 Karol Wojtyla ( Jo\u00e3o Paulo II)"},"content":{"rendered":"<p>AMOR E RESPONSABILIDADE: Moral sexual e vida interpessoal \u2013 Karol Wojtyla ( Jo\u00e3o Paulo II)<\/p>\n<p>Tradu\u00e7\u00e3o de Manuel Alves da Silva<\/p>\n<p>Ano de edi\u00e7\u00e3o: 1979<\/p>\n<p>Editor: Editorial A.O. Braga<\/p>\n<p>Idioma: Portugu\u00eas<\/p>\n<p>Dimens\u00f5es: 15 x 1.7 x 21<\/p>\n<p>Encaderna\u00e7\u00e3o: capa mole<\/p>\n<p>P\u00e1ginas: 288<\/p>\n","protected":false},"excerpt":{"rendered":"<p>AMOR E RESPONSABILIDADE: Moral sexual e vida interpessoal \u2013 Karol Wojtyla ( Jo\u00e3o Paulo II) Tradu\u00e7\u00e3o de Manuel Alves da Silva Ano de edi\u00e7\u00e3o: 1979 Editor: Editorial A.O. Braga Idioma: Portugu\u00eas Dimens\u00f5es: 15 x 1.7 x 21 Encaderna\u00e7\u00e3o: capa mole P\u00e1ginas: 288<\/p>\n","protected":false},"featured_media":4430,"comment_status":"open","ping_status":"closed","template":"","meta":{"om_disable_all_campaigns":false,"_monsterinsights_skip_tracking":false,"_monsterinsights_sitenote_active":false,"_monsterinsights_sitenote_note":"","_monsterinsights_sitenote_category":0,"_uf_show_specific_survey":0,"_uf_disable_surveys":false},"product_cat":[33],"product_tag":[],"aioseo_notices":[],"jetpack_sharing_enabled":true,"_links":{"self":[{"href":"https:\/\/casadolivreiro.pt\/index.php\/wp-json\/wp\/v2\/product\/4429"}],"collection":[{"href":"https:\/\/casadolivreiro.pt\/index.php\/wp-json\/wp\/v2\/product"}],"about":[{"href":"https:\/\/casadolivreiro.pt\/index.php\/wp-json\/wp\/v2\/types\/product"}],"replies":[{"embeddable":true,"href":"https:\/\/casadolivreiro.pt\/index.php\/wp-json\/wp\/v2\/comments?post=4429"}],"wp:featuredmedia":[{"embeddable":true,"href":"https:\/\/casadolivreiro.pt\/index.php\/wp-json\/wp\/v2\/media\/4430"}],"wp:attachment":[{"href":"https:\/\/casadolivreiro.pt\/index.php\/wp-json\/wp\/v2\/media?parent=4429"}],"wp:term":[{"taxonomy":"product_cat","embeddable":true,"href":"https:\/\/casadolivreiro.pt\/index.php\/wp-json\/wp\/v2\/product_cat?post=4429"},{"taxonomy":"product_tag","embeddable":true,"href":"https:\/\/casadolivreiro.pt\/index.php\/wp-json\/wp\/v2\/product_tag?post=4429"}],"curies":[{"name":"wp","href":"https:\/\/api.w.org\/{rel}","templated":true}]}}