{"id":4419,"date":"2025-04-11T17:53:02","date_gmt":"2025-04-11T17:53:02","guid":{"rendered":"https:\/\/casadolivreiro.pt\/?post_type=product&#038;p=4419"},"modified":"2025-04-11T17:53:03","modified_gmt":"2025-04-11T17:53:03","slug":"retalhos-da-vida-de-um-padre-frei-jose-filipe-rodrugues","status":"publish","type":"product","link":"https:\/\/casadolivreiro.pt\/index.php\/product\/retalhos-da-vida-de-um-padre-frei-jose-filipe-rodrugues\/","title":{"rendered":"RETALHOS DA VIDA DE UM PADRE \u2013 Frei Jos\u00e9 Filipe Rodrugues"},"content":{"rendered":"<p>RETALHOS DA VIDA DE UM PADRE \u2013 Frei Jos\u00e9 Filipe Rodrugues<\/p>\n<p>Ano de edi\u00e7\u00e3o: 2014, 1.\u00aa edi\u00e7\u00e3o<\/p>\n<p>Editor: Verso da Kapa, Lisboa<\/p>\n<p>Idioma: Portugu\u00eas<\/p>\n<p>Dimens\u00f5es: 16 x 1.3 x 23<\/p>\n<p>Encaderna\u00e7\u00e3o: capa mole<\/p>\n<p>P\u00e1ginas: 173<\/p>\n","protected":false},"excerpt":{"rendered":"<p>RETALHOS DA VIDA DE UM PADRE \u2013 Frei Jos\u00e9 Filipe Rodrugues Ano de edi\u00e7\u00e3o: 2014, 1.\u00aa edi\u00e7\u00e3o Editor: Verso da Kapa, Lisboa Idioma: Portugu\u00eas Dimens\u00f5es: 16 x 1.3 x 23 Encaderna\u00e7\u00e3o: capa mole P\u00e1ginas: 173<\/p>\n","protected":false},"featured_media":4420,"comment_status":"open","ping_status":"closed","template":"","meta":{"om_disable_all_campaigns":false,"_monsterinsights_skip_tracking":false,"_monsterinsights_sitenote_active":false,"_monsterinsights_sitenote_note":"","_monsterinsights_sitenote_category":0,"_uf_show_specific_survey":0,"_uf_disable_surveys":false},"product_cat":[33],"product_tag":[],"aioseo_notices":[],"jetpack_sharing_enabled":true,"_links":{"self":[{"href":"https:\/\/casadolivreiro.pt\/index.php\/wp-json\/wp\/v2\/product\/4419"}],"collection":[{"href":"https:\/\/casadolivreiro.pt\/index.php\/wp-json\/wp\/v2\/product"}],"about":[{"href":"https:\/\/casadolivreiro.pt\/index.php\/wp-json\/wp\/v2\/types\/product"}],"replies":[{"embeddable":true,"href":"https:\/\/casadolivreiro.pt\/index.php\/wp-json\/wp\/v2\/comments?post=4419"}],"wp:featuredmedia":[{"embeddable":true,"href":"https:\/\/casadolivreiro.pt\/index.php\/wp-json\/wp\/v2\/media\/4420"}],"wp:attachment":[{"href":"https:\/\/casadolivreiro.pt\/index.php\/wp-json\/wp\/v2\/media?parent=4419"}],"wp:term":[{"taxonomy":"product_cat","embeddable":true,"href":"https:\/\/casadolivreiro.pt\/index.php\/wp-json\/wp\/v2\/product_cat?post=4419"},{"taxonomy":"product_tag","embeddable":true,"href":"https:\/\/casadolivreiro.pt\/index.php\/wp-json\/wp\/v2\/product_tag?post=4419"}],"curies":[{"name":"wp","href":"https:\/\/api.w.org\/{rel}","templated":true}]}}