{"id":4403,"date":"2025-04-11T16:30:30","date_gmt":"2025-04-11T16:30:30","guid":{"rendered":"https:\/\/casadolivreiro.pt\/?post_type=product&#038;p=4403"},"modified":"2025-04-11T16:30:30","modified_gmt":"2025-04-11T16:30:30","slug":"o-livro-de-henoch-outros-apocrifos-do-antigo-testamento-e-um-apendice-de-h-p-blavatsky","status":"publish","type":"product","link":"https:\/\/casadolivreiro.pt\/index.php\/product\/o-livro-de-henoch-outros-apocrifos-do-antigo-testamento-e-um-apendice-de-h-p-blavatsky\/","title":{"rendered":"O LIVRO DE HENOCH: Outros ap\u00f3crifos do Antigo Testamento e um ap\u00eandice de H.P. Blavatsky"},"content":{"rendered":"<p>O LIVRO DE HENOCH: Outros ap\u00f3crifos do Antigo Testamento e um ap\u00eandice de H.P. Blavatsky<\/p>\n<p>Tradu\u00e7\u00e3o de Fernanda Pinto Rodrigues<\/p>\n<p>Ano de edi\u00e7\u00e3o: 1976, 1.\u00aa edi\u00e7\u00e3o<\/p>\n<p>Editor: Minerva, Lisboa<\/p>\n<p>Idioma: Portugu\u00eas<\/p>\n<p>Dimens\u00f5es: 12 x 1.3 x 18.5<\/p>\n<p>Encaderna\u00e7\u00e3o: capa mole<\/p>\n<p>P\u00e1ginas: 221<\/p>\n","protected":false},"excerpt":{"rendered":"<p>O LIVRO DE HENOCH: Outros ap\u00f3crifos do Antigo Testamento e um ap\u00eandice de H.P. Blavatsky Tradu\u00e7\u00e3o de Fernanda Pinto Rodrigues Ano de edi\u00e7\u00e3o: 1976, 1.\u00aa edi\u00e7\u00e3o Editor: Minerva, Lisboa Idioma: Portugu\u00eas Dimens\u00f5es: 12 x 1.3 x 18.5 Encaderna\u00e7\u00e3o: capa mole P\u00e1ginas: 221<\/p>\n","protected":false},"featured_media":4404,"comment_status":"open","ping_status":"closed","template":"","meta":{"om_disable_all_campaigns":false,"_monsterinsights_skip_tracking":false,"_monsterinsights_sitenote_active":false,"_monsterinsights_sitenote_note":"","_monsterinsights_sitenote_category":0,"_uf_show_specific_survey":0,"_uf_disable_surveys":false},"product_cat":[33],"product_tag":[],"aioseo_notices":[],"jetpack_sharing_enabled":true,"_links":{"self":[{"href":"https:\/\/casadolivreiro.pt\/index.php\/wp-json\/wp\/v2\/product\/4403"}],"collection":[{"href":"https:\/\/casadolivreiro.pt\/index.php\/wp-json\/wp\/v2\/product"}],"about":[{"href":"https:\/\/casadolivreiro.pt\/index.php\/wp-json\/wp\/v2\/types\/product"}],"replies":[{"embeddable":true,"href":"https:\/\/casadolivreiro.pt\/index.php\/wp-json\/wp\/v2\/comments?post=4403"}],"wp:featuredmedia":[{"embeddable":true,"href":"https:\/\/casadolivreiro.pt\/index.php\/wp-json\/wp\/v2\/media\/4404"}],"wp:attachment":[{"href":"https:\/\/casadolivreiro.pt\/index.php\/wp-json\/wp\/v2\/media?parent=4403"}],"wp:term":[{"taxonomy":"product_cat","embeddable":true,"href":"https:\/\/casadolivreiro.pt\/index.php\/wp-json\/wp\/v2\/product_cat?post=4403"},{"taxonomy":"product_tag","embeddable":true,"href":"https:\/\/casadolivreiro.pt\/index.php\/wp-json\/wp\/v2\/product_tag?post=4403"}],"curies":[{"name":"wp","href":"https:\/\/api.w.org\/{rel}","templated":true}]}}