{"id":440,"date":"2024-03-13T12:01:13","date_gmt":"2024-03-13T12:01:13","guid":{"rendered":"https:\/\/casadolivreiro.pt\/?post_type=product&#038;p=440"},"modified":"2024-03-13T12:01:13","modified_gmt":"2024-03-13T12:01:13","slug":"dicionario-da-internet-e-do-telemovel-joviana-benedito","status":"publish","type":"product","link":"https:\/\/casadolivreiro.pt\/index.php\/product\/dicionario-da-internet-e-do-telemovel-joviana-benedito\/","title":{"rendered":"DICION\u00c1RIO DA INTERNET E DO TELEM\u00d3VEL &#8211; Joviana Benedito"},"content":{"rendered":"<p>DICION\u00c1RIO DA INTERNET E DO TELEM\u00d3VEL<br \/>\nJoviana Benedito<br \/>\nISBN: 972-8426-84-4<br \/>\nEditor: Centro Atl\u00e2ntico, Lda. Lisboa<br \/>\nData de Lan\u00e7amento: 2003<br \/>\nIdioma:\u00a0 Portugu\u00eas<br \/>\nDimens\u00f5es: 12 x 2 x 19 cm<br \/>\nEncaderna\u00e7\u00e3o: Capa mole<br \/>\nP\u00e1ginas: 359<\/p>\n<p>Este livro cont\u00e9m mais de duas mil defini\u00e7\u00f5es de novos voc\u00e1bulos, mas tamb\u00e9m de frases e express\u00f5es que est\u00e3o a emergir como um novo vocabul\u00e1rio junto dos mais de 2 milh\u00f5es de utilizadores portugueses da Internet e dos mais de 3 milh\u00f5es portugueses que enviam mensagens escritas (SMS) atrav\u00e9s do seu telem\u00f3vel. O livro est\u00e1 organizado em tr\u00eas grandes sec\u00e7\u00f5es: &#8211; A primeira, nunca antes tratada em Portugal, identifica e explica o significado de centenas de novos termos, frases e express\u00f5es de uso n\u00e3o t\u00e9cnico, que t\u00eam surgido,&#8230;<\/p>\n","protected":false},"excerpt":{"rendered":"<p>DICION\u00c1RIO DA INTERNET E DO TELEM\u00d3VEL Joviana Benedito ISBN: 972-8426-84-4 Editor: Centro Atl\u00e2ntico, Lda. Lisboa Data de Lan\u00e7amento: 2003 Idioma:\u00a0 Portugu\u00eas Dimens\u00f5es: 12 x 2 x 19 cm Encaderna\u00e7\u00e3o: Capa mole P\u00e1ginas: 359 Este livro cont\u00e9m mais de duas mil defini\u00e7\u00f5es de novos voc\u00e1bulos, mas tamb\u00e9m de frases e express\u00f5es que est\u00e3o a emergir como [&hellip;]<\/p>\n","protected":false},"featured_media":441,"comment_status":"open","ping_status":"closed","template":"","meta":{"om_disable_all_campaigns":false,"_monsterinsights_skip_tracking":false,"_monsterinsights_sitenote_active":false,"_monsterinsights_sitenote_note":"","_monsterinsights_sitenote_category":0,"_uf_show_specific_survey":0,"_uf_disable_surveys":false},"product_cat":[46,48],"product_tag":[],"aioseo_notices":[],"jetpack_sharing_enabled":true,"_links":{"self":[{"href":"https:\/\/casadolivreiro.pt\/index.php\/wp-json\/wp\/v2\/product\/440"}],"collection":[{"href":"https:\/\/casadolivreiro.pt\/index.php\/wp-json\/wp\/v2\/product"}],"about":[{"href":"https:\/\/casadolivreiro.pt\/index.php\/wp-json\/wp\/v2\/types\/product"}],"replies":[{"embeddable":true,"href":"https:\/\/casadolivreiro.pt\/index.php\/wp-json\/wp\/v2\/comments?post=440"}],"wp:featuredmedia":[{"embeddable":true,"href":"https:\/\/casadolivreiro.pt\/index.php\/wp-json\/wp\/v2\/media\/441"}],"wp:attachment":[{"href":"https:\/\/casadolivreiro.pt\/index.php\/wp-json\/wp\/v2\/media?parent=440"}],"wp:term":[{"taxonomy":"product_cat","embeddable":true,"href":"https:\/\/casadolivreiro.pt\/index.php\/wp-json\/wp\/v2\/product_cat?post=440"},{"taxonomy":"product_tag","embeddable":true,"href":"https:\/\/casadolivreiro.pt\/index.php\/wp-json\/wp\/v2\/product_tag?post=440"}],"curies":[{"name":"wp","href":"https:\/\/api.w.org\/{rel}","templated":true}]}}