{"id":4394,"date":"2025-04-11T15:01:26","date_gmt":"2025-04-11T15:01:26","guid":{"rendered":"https:\/\/casadolivreiro.pt\/?post_type=product&#038;p=4394"},"modified":"2025-04-11T15:01:26","modified_gmt":"2025-04-11T15:01:26","slug":"roteiro-de-natal-lopes-morgado","status":"publish","type":"product","link":"https:\/\/casadolivreiro.pt\/index.php\/product\/roteiro-de-natal-lopes-morgado\/","title":{"rendered":"ROTEIRO DE NATAL \u2013 Lopes Morgado"},"content":{"rendered":"<p>ROTEIRO DE NATAL \u2013 Lopes Morgado<\/p>\n<p>Ano de edi\u00e7\u00e3o: 1989, 1.\u00aa edi\u00e7\u00e3o<\/p>\n<p>Editor: Difusora B\u00edblica<\/p>\n<p>Idioma: Portugu\u00eas<\/p>\n<p>Dimens\u00f5es: 15.3 x 0.5 x 21<\/p>\n<p>Encaderna\u00e7\u00e3o: capa mole<\/p>\n<p>P\u00e1ginas: 86<\/p>\n","protected":false},"excerpt":{"rendered":"<p>ROTEIRO DE NATAL \u2013 Lopes Morgado Ano de edi\u00e7\u00e3o: 1989, 1.\u00aa edi\u00e7\u00e3o Editor: Difusora B\u00edblica Idioma: Portugu\u00eas Dimens\u00f5es: 15.3 x 0.5 x 21 Encaderna\u00e7\u00e3o: capa mole P\u00e1ginas: 86<\/p>\n","protected":false},"featured_media":4395,"comment_status":"open","ping_status":"closed","template":"","meta":{"om_disable_all_campaigns":false,"_monsterinsights_skip_tracking":false,"_monsterinsights_sitenote_active":false,"_monsterinsights_sitenote_note":"","_monsterinsights_sitenote_category":0,"_uf_show_specific_survey":0,"_uf_disable_surveys":false},"product_cat":[33,27],"product_tag":[],"aioseo_notices":[],"jetpack_sharing_enabled":true,"_links":{"self":[{"href":"https:\/\/casadolivreiro.pt\/index.php\/wp-json\/wp\/v2\/product\/4394"}],"collection":[{"href":"https:\/\/casadolivreiro.pt\/index.php\/wp-json\/wp\/v2\/product"}],"about":[{"href":"https:\/\/casadolivreiro.pt\/index.php\/wp-json\/wp\/v2\/types\/product"}],"replies":[{"embeddable":true,"href":"https:\/\/casadolivreiro.pt\/index.php\/wp-json\/wp\/v2\/comments?post=4394"}],"wp:featuredmedia":[{"embeddable":true,"href":"https:\/\/casadolivreiro.pt\/index.php\/wp-json\/wp\/v2\/media\/4395"}],"wp:attachment":[{"href":"https:\/\/casadolivreiro.pt\/index.php\/wp-json\/wp\/v2\/media?parent=4394"}],"wp:term":[{"taxonomy":"product_cat","embeddable":true,"href":"https:\/\/casadolivreiro.pt\/index.php\/wp-json\/wp\/v2\/product_cat?post=4394"},{"taxonomy":"product_tag","embeddable":true,"href":"https:\/\/casadolivreiro.pt\/index.php\/wp-json\/wp\/v2\/product_tag?post=4394"}],"curies":[{"name":"wp","href":"https:\/\/api.w.org\/{rel}","templated":true}]}}