{"id":4346,"date":"2025-04-08T16:41:08","date_gmt":"2025-04-08T16:41:08","guid":{"rendered":"https:\/\/casadolivreiro.pt\/?post_type=product&#038;p=4346"},"modified":"2025-04-08T16:41:08","modified_gmt":"2025-04-08T16:41:08","slug":"deus-e-amor-carta-enciclica-de-bento-xvi","status":"publish","type":"product","link":"https:\/\/casadolivreiro.pt\/index.php\/product\/deus-e-amor-carta-enciclica-de-bento-xvi\/","title":{"rendered":"DEUS \u00c9 AMOR \u2013 Carta Enc\u00edclica de Bento XVI"},"content":{"rendered":"<p>DEUS \u00c9 AMOR \u2013 Carta Enc\u00edclica de Bento XVI<\/p>\n<p>Ano de edi\u00e7\u00e3o: 2006<\/p>\n<p>Editor: Paulinas Editora<\/p>\n<p>Idioma: Portugu\u00eas<\/p>\n<p>Dimens\u00f5es: 13 x 0.5 x 20.4<\/p>\n<p>Encaderna\u00e7\u00e3o: capa mole<\/p>\n<p>P\u00e1ginas: 77<\/p>\n","protected":false},"excerpt":{"rendered":"<p>DEUS \u00c9 AMOR \u2013 Carta Enc\u00edclica de Bento XVI Ano de edi\u00e7\u00e3o: 2006 Editor: Paulinas Editora Idioma: Portugu\u00eas Dimens\u00f5es: 13 x 0.5 x 20.4 Encaderna\u00e7\u00e3o: capa mole P\u00e1ginas: 77<\/p>\n","protected":false},"featured_media":4347,"comment_status":"open","ping_status":"closed","template":"","meta":{"om_disable_all_campaigns":false,"_monsterinsights_skip_tracking":false,"_monsterinsights_sitenote_active":false,"_monsterinsights_sitenote_note":"","_monsterinsights_sitenote_category":0,"_uf_show_specific_survey":0,"_uf_disable_surveys":false},"product_cat":[33],"product_tag":[],"aioseo_notices":[],"jetpack_sharing_enabled":true,"_links":{"self":[{"href":"https:\/\/casadolivreiro.pt\/index.php\/wp-json\/wp\/v2\/product\/4346"}],"collection":[{"href":"https:\/\/casadolivreiro.pt\/index.php\/wp-json\/wp\/v2\/product"}],"about":[{"href":"https:\/\/casadolivreiro.pt\/index.php\/wp-json\/wp\/v2\/types\/product"}],"replies":[{"embeddable":true,"href":"https:\/\/casadolivreiro.pt\/index.php\/wp-json\/wp\/v2\/comments?post=4346"}],"wp:featuredmedia":[{"embeddable":true,"href":"https:\/\/casadolivreiro.pt\/index.php\/wp-json\/wp\/v2\/media\/4347"}],"wp:attachment":[{"href":"https:\/\/casadolivreiro.pt\/index.php\/wp-json\/wp\/v2\/media?parent=4346"}],"wp:term":[{"taxonomy":"product_cat","embeddable":true,"href":"https:\/\/casadolivreiro.pt\/index.php\/wp-json\/wp\/v2\/product_cat?post=4346"},{"taxonomy":"product_tag","embeddable":true,"href":"https:\/\/casadolivreiro.pt\/index.php\/wp-json\/wp\/v2\/product_tag?post=4346"}],"curies":[{"name":"wp","href":"https:\/\/api.w.org\/{rel}","templated":true}]}}