{"id":4318,"date":"2025-04-08T15:27:53","date_gmt":"2025-04-08T15:27:53","guid":{"rendered":"https:\/\/casadolivreiro.pt\/?post_type=product&#038;p=4318"},"modified":"2025-04-08T15:27:53","modified_gmt":"2025-04-08T15:27:53","slug":"evangelho-de-jesus-cristo-segundo-s-mateus-s-marcos-s-lucas-s-joao","status":"publish","type":"product","link":"https:\/\/casadolivreiro.pt\/index.php\/product\/evangelho-de-jesus-cristo-segundo-s-mateus-s-marcos-s-lucas-s-joao\/","title":{"rendered":"EVANGELHO DE JESUS CRISTO \u2013 segundo: S. Mateus, S. Marcos, S. Lucas, S. Jo\u00e3o"},"content":{"rendered":"<p>EVANGELHO DE JESUS CRISTO \u2013 segundo: S. Mateus, S. Marcos, S. Lucas, S. Jo\u00e3o<\/p>\n<p>Ano de edi\u00e7\u00e3o: 1956<\/p>\n<p>Editor: Editorial Franciscana, Braga<\/p>\n<p>Idioma: Portugu\u00eas<\/p>\n<p>Dimens\u00f5es: 10 x 1 x 14.3<\/p>\n<p>Encaderna\u00e7\u00e3o: capa mole<\/p>\n<p>P\u00e1ginas: 66 + 85 + 53 + 82<\/p>\n","protected":false},"excerpt":{"rendered":"<p>EVANGELHO DE JESUS CRISTO \u2013 segundo: S. Mateus, S. Marcos, S. Lucas, S. Jo\u00e3o Ano de edi\u00e7\u00e3o: 1956 Editor: Editorial Franciscana, Braga Idioma: Portugu\u00eas Dimens\u00f5es: 10 x 1 x 14.3 Encaderna\u00e7\u00e3o: capa mole P\u00e1ginas: 66 + 85 + 53 + 82<\/p>\n","protected":false},"featured_media":4319,"comment_status":"open","ping_status":"closed","template":"","meta":{"om_disable_all_campaigns":false,"_monsterinsights_skip_tracking":false,"_monsterinsights_sitenote_active":false,"_monsterinsights_sitenote_note":"","_monsterinsights_sitenote_category":0,"_uf_show_specific_survey":0,"_uf_disable_surveys":false},"product_cat":[33],"product_tag":[],"aioseo_notices":[],"jetpack_sharing_enabled":true,"_links":{"self":[{"href":"https:\/\/casadolivreiro.pt\/index.php\/wp-json\/wp\/v2\/product\/4318"}],"collection":[{"href":"https:\/\/casadolivreiro.pt\/index.php\/wp-json\/wp\/v2\/product"}],"about":[{"href":"https:\/\/casadolivreiro.pt\/index.php\/wp-json\/wp\/v2\/types\/product"}],"replies":[{"embeddable":true,"href":"https:\/\/casadolivreiro.pt\/index.php\/wp-json\/wp\/v2\/comments?post=4318"}],"wp:featuredmedia":[{"embeddable":true,"href":"https:\/\/casadolivreiro.pt\/index.php\/wp-json\/wp\/v2\/media\/4319"}],"wp:attachment":[{"href":"https:\/\/casadolivreiro.pt\/index.php\/wp-json\/wp\/v2\/media?parent=4318"}],"wp:term":[{"taxonomy":"product_cat","embeddable":true,"href":"https:\/\/casadolivreiro.pt\/index.php\/wp-json\/wp\/v2\/product_cat?post=4318"},{"taxonomy":"product_tag","embeddable":true,"href":"https:\/\/casadolivreiro.pt\/index.php\/wp-json\/wp\/v2\/product_tag?post=4318"}],"curies":[{"name":"wp","href":"https:\/\/api.w.org\/{rel}","templated":true}]}}