{"id":4314,"date":"2025-04-08T14:59:56","date_gmt":"2025-04-08T14:59:56","guid":{"rendered":"https:\/\/casadolivreiro.pt\/?post_type=product&#038;p=4314"},"modified":"2025-04-08T14:59:56","modified_gmt":"2025-04-08T14:59:56","slug":"mais-alto-revista-trimestral-das-irmas-franciscanas-hospitaleiras-portugueses-numero-3-julho-agosto-e-setem-porto-1955","status":"publish","type":"product","link":"https:\/\/casadolivreiro.pt\/index.php\/product\/mais-alto-revista-trimestral-das-irmas-franciscanas-hospitaleiras-portugueses-numero-3-julho-agosto-e-setem-porto-1955\/","title":{"rendered":"MAIS ALTO, Revista Trimestral das Irm\u00e3s Franciscanas Hospitaleiras Portugueses- Numero 3, Julho, Agosto e Setem. Porto 1955"},"content":{"rendered":"<p>MAIS ALTO, Revista Trimestral das Irm\u00e3s Franciscanas Hospitaleiras Portugueses- Numero 3, Julho, Agosto e Setem. Porto 1955<\/p>\n<p>Ano de edi\u00e7\u00e3o: 1955<\/p>\n<p>Editor: Irm\u00e3s Franciscanas Hospitaleiras Portugueses<\/p>\n<p>Idioma: Portugu\u00eas<\/p>\n<p>Dimens\u00f5es: 16.3 x 0.2 x 22<\/p>\n<p>Encaderna\u00e7\u00e3o: capa mole<\/p>\n<p>P\u00e1ginas: 40<\/p>\n","protected":false},"excerpt":{"rendered":"<p>MAIS ALTO, Revista Trimestral das Irm\u00e3s Franciscanas Hospitaleiras Portugueses- Numero 3, Julho, Agosto e Setem. Porto 1955 Ano de edi\u00e7\u00e3o: 1955 Editor: Irm\u00e3s Franciscanas Hospitaleiras Portugueses Idioma: Portugu\u00eas Dimens\u00f5es: 16.3 x 0.2 x 22 Encaderna\u00e7\u00e3o: capa mole P\u00e1ginas: 40<\/p>\n","protected":false},"featured_media":4315,"comment_status":"open","ping_status":"closed","template":"","meta":{"om_disable_all_campaigns":false,"_monsterinsights_skip_tracking":false,"_monsterinsights_sitenote_active":false,"_monsterinsights_sitenote_note":"","_monsterinsights_sitenote_category":0,"_uf_show_specific_survey":0,"_uf_disable_surveys":false},"product_cat":[33,65],"product_tag":[],"aioseo_notices":[],"jetpack_sharing_enabled":true,"_links":{"self":[{"href":"https:\/\/casadolivreiro.pt\/index.php\/wp-json\/wp\/v2\/product\/4314"}],"collection":[{"href":"https:\/\/casadolivreiro.pt\/index.php\/wp-json\/wp\/v2\/product"}],"about":[{"href":"https:\/\/casadolivreiro.pt\/index.php\/wp-json\/wp\/v2\/types\/product"}],"replies":[{"embeddable":true,"href":"https:\/\/casadolivreiro.pt\/index.php\/wp-json\/wp\/v2\/comments?post=4314"}],"wp:featuredmedia":[{"embeddable":true,"href":"https:\/\/casadolivreiro.pt\/index.php\/wp-json\/wp\/v2\/media\/4315"}],"wp:attachment":[{"href":"https:\/\/casadolivreiro.pt\/index.php\/wp-json\/wp\/v2\/media?parent=4314"}],"wp:term":[{"taxonomy":"product_cat","embeddable":true,"href":"https:\/\/casadolivreiro.pt\/index.php\/wp-json\/wp\/v2\/product_cat?post=4314"},{"taxonomy":"product_tag","embeddable":true,"href":"https:\/\/casadolivreiro.pt\/index.php\/wp-json\/wp\/v2\/product_tag?post=4314"}],"curies":[{"name":"wp","href":"https:\/\/api.w.org\/{rel}","templated":true}]}}