{"id":4303,"date":"2025-04-08T14:23:56","date_gmt":"2025-04-08T14:23:56","guid":{"rendered":"https:\/\/casadolivreiro.pt\/?post_type=product&#038;p=4303"},"modified":"2026-01-11T15:53:57","modified_gmt":"2026-01-11T15:53:57","slug":"padre-pio-o-estigmatizado-maria-winowska","status":"publish","type":"product","link":"https:\/\/casadolivreiro.pt\/index.php\/product\/padre-pio-o-estigmatizado-maria-winowska\/","title":{"rendered":"PADRE PIO: O estigmatizado \u2013 Maria Winowska"},"content":{"rendered":"<p>PADRE PIO: O estigmatizado \u2013 Maria Winowska<\/p>\n<p>Tradu\u00e7\u00e3o de Maria Henriques Osswald<\/p>\n<p>Ano de edi\u00e7\u00e3o: 1956<\/p>\n<p>Editor: Editora Educa\u00e7\u00e3o Nacional<\/p>\n<p>Idioma: Portugu\u00eas<\/p>\n<p>Dimens\u00f5es: 13 x 1.4 x 19.2<\/p>\n<p>Encaderna\u00e7\u00e3o: capa mole<\/p>\n<p>P\u00e1ginas: 235<\/p>\n","protected":false},"excerpt":{"rendered":"<p>PADRE PIO: O estigmatizado \u2013 Maria Winowska Tradu\u00e7\u00e3o de Maria Henriques Osswald Ano de edi\u00e7\u00e3o: 1956 Editor: Editora Educa\u00e7\u00e3o Nacional Idioma: Portugu\u00eas Dimens\u00f5es: 13 x 1.4 x 19.2 Encaderna\u00e7\u00e3o: capa mole P\u00e1ginas: 235<\/p>\n","protected":false},"featured_media":4304,"comment_status":"open","ping_status":"closed","template":"","meta":{"om_disable_all_campaigns":false,"_monsterinsights_skip_tracking":false,"_monsterinsights_sitenote_active":false,"_monsterinsights_sitenote_note":"","_monsterinsights_sitenote_category":0,"_uf_show_specific_survey":0,"_uf_disable_surveys":false},"product_cat":[33],"product_tag":[],"aioseo_notices":[],"jetpack_sharing_enabled":true,"_links":{"self":[{"href":"https:\/\/casadolivreiro.pt\/index.php\/wp-json\/wp\/v2\/product\/4303"}],"collection":[{"href":"https:\/\/casadolivreiro.pt\/index.php\/wp-json\/wp\/v2\/product"}],"about":[{"href":"https:\/\/casadolivreiro.pt\/index.php\/wp-json\/wp\/v2\/types\/product"}],"replies":[{"embeddable":true,"href":"https:\/\/casadolivreiro.pt\/index.php\/wp-json\/wp\/v2\/comments?post=4303"}],"wp:featuredmedia":[{"embeddable":true,"href":"https:\/\/casadolivreiro.pt\/index.php\/wp-json\/wp\/v2\/media\/4304"}],"wp:attachment":[{"href":"https:\/\/casadolivreiro.pt\/index.php\/wp-json\/wp\/v2\/media?parent=4303"}],"wp:term":[{"taxonomy":"product_cat","embeddable":true,"href":"https:\/\/casadolivreiro.pt\/index.php\/wp-json\/wp\/v2\/product_cat?post=4303"},{"taxonomy":"product_tag","embeddable":true,"href":"https:\/\/casadolivreiro.pt\/index.php\/wp-json\/wp\/v2\/product_tag?post=4303"}],"curies":[{"name":"wp","href":"https:\/\/api.w.org\/{rel}","templated":true}]}}