{"id":4271,"date":"2025-04-07T22:01:30","date_gmt":"2025-04-07T22:01:30","guid":{"rendered":"https:\/\/casadolivreiro.pt\/?post_type=product&#038;p=4271"},"modified":"2025-04-07T22:01:30","modified_gmt":"2025-04-07T22:01:30","slug":"frei-luis-de-sousa-almeida-garrett-2","status":"publish","type":"product","link":"https:\/\/casadolivreiro.pt\/index.php\/product\/frei-luis-de-sousa-almeida-garrett-2\/","title":{"rendered":"FREI LU\u00cdS DE SOUSA \u2013 Almeida-Garrett"},"content":{"rendered":"<p>FREI LU\u00cdS DE SOUSA \u2013 Almeida-Garrett<\/p>\n<p>Ano de edi\u00e7\u00e3o:<\/p>\n<p>Editor: Porto Editora, Porto<\/p>\n<p>Idioma: Portugu\u00eas<\/p>\n<p>Dimens\u00f5es: 15 x 1 x 21<\/p>\n<p>Encaderna\u00e7\u00e3o: capa mole<\/p>\n<p>P\u00e1ginas: 120<\/p>\n","protected":false},"excerpt":{"rendered":"<p>FREI LU\u00cdS DE SOUSA \u2013 Almeida-Garrett Ano de edi\u00e7\u00e3o: Editor: Porto Editora, Porto Idioma: Portugu\u00eas Dimens\u00f5es: 15 x 1 x 21 Encaderna\u00e7\u00e3o: capa mole P\u00e1ginas: 120<\/p>\n","protected":false},"featured_media":4272,"comment_status":"open","ping_status":"closed","template":"","meta":{"om_disable_all_campaigns":false,"_monsterinsights_skip_tracking":false,"_monsterinsights_sitenote_active":false,"_monsterinsights_sitenote_note":"","_monsterinsights_sitenote_category":0,"_uf_show_specific_survey":0,"_uf_disable_surveys":false},"product_cat":[25],"product_tag":[],"aioseo_notices":[],"jetpack_sharing_enabled":true,"_links":{"self":[{"href":"https:\/\/casadolivreiro.pt\/index.php\/wp-json\/wp\/v2\/product\/4271"}],"collection":[{"href":"https:\/\/casadolivreiro.pt\/index.php\/wp-json\/wp\/v2\/product"}],"about":[{"href":"https:\/\/casadolivreiro.pt\/index.php\/wp-json\/wp\/v2\/types\/product"}],"replies":[{"embeddable":true,"href":"https:\/\/casadolivreiro.pt\/index.php\/wp-json\/wp\/v2\/comments?post=4271"}],"wp:featuredmedia":[{"embeddable":true,"href":"https:\/\/casadolivreiro.pt\/index.php\/wp-json\/wp\/v2\/media\/4272"}],"wp:attachment":[{"href":"https:\/\/casadolivreiro.pt\/index.php\/wp-json\/wp\/v2\/media?parent=4271"}],"wp:term":[{"taxonomy":"product_cat","embeddable":true,"href":"https:\/\/casadolivreiro.pt\/index.php\/wp-json\/wp\/v2\/product_cat?post=4271"},{"taxonomy":"product_tag","embeddable":true,"href":"https:\/\/casadolivreiro.pt\/index.php\/wp-json\/wp\/v2\/product_tag?post=4271"}],"curies":[{"name":"wp","href":"https:\/\/api.w.org\/{rel}","templated":true}]}}