{"id":4269,"date":"2025-04-07T21:54:59","date_gmt":"2025-04-07T21:54:59","guid":{"rendered":"https:\/\/casadolivreiro.pt\/?post_type=product&#038;p=4269"},"modified":"2025-04-07T21:54:59","modified_gmt":"2025-04-07T21:54:59","slug":"a-lei-eterna-e-irrevogavel-joao-de-santarem","status":"publish","type":"product","link":"https:\/\/casadolivreiro.pt\/index.php\/product\/a-lei-eterna-e-irrevogavel-joao-de-santarem\/","title":{"rendered":"A LEI ETERNA E IRREVOG\u00c1VEL \u2013 Jo\u00e3o de Santar\u00e9m"},"content":{"rendered":"<p>A LEI ETERNA E IRREVOG\u00c1VEL \u2013 Jo\u00e3o de Santar\u00e9m<\/p>\n<p>Ano de edi\u00e7\u00e3o: 1975<\/p>\n<p>Editor: Edi\u00e7\u00f5es Excelsior<\/p>\n<p>Idioma: Portugu\u00eas<\/p>\n<p>Dimens\u00f5es: 14.7 x 0.7 x 20<\/p>\n<p>Encaderna\u00e7\u00e3o: capa mole<\/p>\n<p>P\u00e1ginas: 68<\/p>\n","protected":false},"excerpt":{"rendered":"<p>A LEI ETERNA E IRREVOG\u00c1VEL \u2013 Jo\u00e3o de Santar\u00e9m Ano de edi\u00e7\u00e3o: 1975 Editor: Edi\u00e7\u00f5es Excelsior Idioma: Portugu\u00eas Dimens\u00f5es: 14.7 x 0.7 x 20 Encaderna\u00e7\u00e3o: capa mole P\u00e1ginas: 68<\/p>\n","protected":false},"featured_media":4270,"comment_status":"open","ping_status":"closed","template":"","meta":{"om_disable_all_campaigns":false,"_monsterinsights_skip_tracking":false,"_monsterinsights_sitenote_active":false,"_monsterinsights_sitenote_note":"","_monsterinsights_sitenote_category":0,"_uf_show_specific_survey":0,"_uf_disable_surveys":false},"product_cat":[33],"product_tag":[],"aioseo_notices":[],"jetpack_sharing_enabled":true,"_links":{"self":[{"href":"https:\/\/casadolivreiro.pt\/index.php\/wp-json\/wp\/v2\/product\/4269"}],"collection":[{"href":"https:\/\/casadolivreiro.pt\/index.php\/wp-json\/wp\/v2\/product"}],"about":[{"href":"https:\/\/casadolivreiro.pt\/index.php\/wp-json\/wp\/v2\/types\/product"}],"replies":[{"embeddable":true,"href":"https:\/\/casadolivreiro.pt\/index.php\/wp-json\/wp\/v2\/comments?post=4269"}],"wp:featuredmedia":[{"embeddable":true,"href":"https:\/\/casadolivreiro.pt\/index.php\/wp-json\/wp\/v2\/media\/4270"}],"wp:attachment":[{"href":"https:\/\/casadolivreiro.pt\/index.php\/wp-json\/wp\/v2\/media?parent=4269"}],"wp:term":[{"taxonomy":"product_cat","embeddable":true,"href":"https:\/\/casadolivreiro.pt\/index.php\/wp-json\/wp\/v2\/product_cat?post=4269"},{"taxonomy":"product_tag","embeddable":true,"href":"https:\/\/casadolivreiro.pt\/index.php\/wp-json\/wp\/v2\/product_tag?post=4269"}],"curies":[{"name":"wp","href":"https:\/\/api.w.org\/{rel}","templated":true}]}}