{"id":4230,"date":"2025-04-07T14:50:02","date_gmt":"2025-04-07T14:50:02","guid":{"rendered":"https:\/\/casadolivreiro.pt\/?post_type=product&#038;p=4230"},"modified":"2025-04-07T14:50:02","modified_gmt":"2025-04-07T14:50:02","slug":"orar-quinze-dias-com-joana-jugan-fundadora-das-irmazinhas-dos-pobres-michel-lafon","status":"publish","type":"product","link":"https:\/\/casadolivreiro.pt\/index.php\/product\/orar-quinze-dias-com-joana-jugan-fundadora-das-irmazinhas-dos-pobres-michel-lafon\/","title":{"rendered":"ORAR QUINZE DIAS COM JOANA  JUGAN, Fundadora das Irm\u00e3zinhas dos Pobres \u2013 Michel Lafon"},"content":{"rendered":"<p>ORAR QUINZE DIAS COM JOANA\u00a0 JUGAN, Fundadora das Irm\u00e3zinhas dos Pobres \u2013 Michel Lafon<\/p>\n<p>Tradu\u00e7\u00e3o: Ant\u00f3nio Maia da Rocha<\/p>\n<p>Ano de edi\u00e7\u00e3o: 2003<\/p>\n<p>Editor: Paulus Editora<\/p>\n<p>Idioma: Portugu\u00eas<\/p>\n<p>Dimens\u00f5es: 12 x 0.8 x 18.5<\/p>\n<p>Encaderna\u00e7\u00e3o: capa mole<\/p>\n<p>P\u00e1ginas: 127<\/p>\n","protected":false},"excerpt":{"rendered":"<p>ORAR QUINZE DIAS COM JOANA\u00a0 JUGAN, Fundadora das Irm\u00e3zinhas dos Pobres \u2013 Michel Lafon Tradu\u00e7\u00e3o: Ant\u00f3nio Maia da Rocha Ano de edi\u00e7\u00e3o: 2003 Editor: Paulus Editora Idioma: Portugu\u00eas Dimens\u00f5es: 12 x 0.8 x 18.5 Encaderna\u00e7\u00e3o: capa mole P\u00e1ginas: 127<\/p>\n","protected":false},"featured_media":4231,"comment_status":"open","ping_status":"closed","template":"","meta":{"om_disable_all_campaigns":false,"_monsterinsights_skip_tracking":false,"_monsterinsights_sitenote_active":false,"_monsterinsights_sitenote_note":"","_monsterinsights_sitenote_category":0,"_uf_show_specific_survey":0,"_uf_disable_surveys":false},"product_cat":[33],"product_tag":[],"aioseo_notices":[],"jetpack_sharing_enabled":true,"_links":{"self":[{"href":"https:\/\/casadolivreiro.pt\/index.php\/wp-json\/wp\/v2\/product\/4230"}],"collection":[{"href":"https:\/\/casadolivreiro.pt\/index.php\/wp-json\/wp\/v2\/product"}],"about":[{"href":"https:\/\/casadolivreiro.pt\/index.php\/wp-json\/wp\/v2\/types\/product"}],"replies":[{"embeddable":true,"href":"https:\/\/casadolivreiro.pt\/index.php\/wp-json\/wp\/v2\/comments?post=4230"}],"wp:featuredmedia":[{"embeddable":true,"href":"https:\/\/casadolivreiro.pt\/index.php\/wp-json\/wp\/v2\/media\/4231"}],"wp:attachment":[{"href":"https:\/\/casadolivreiro.pt\/index.php\/wp-json\/wp\/v2\/media?parent=4230"}],"wp:term":[{"taxonomy":"product_cat","embeddable":true,"href":"https:\/\/casadolivreiro.pt\/index.php\/wp-json\/wp\/v2\/product_cat?post=4230"},{"taxonomy":"product_tag","embeddable":true,"href":"https:\/\/casadolivreiro.pt\/index.php\/wp-json\/wp\/v2\/product_tag?post=4230"}],"curies":[{"name":"wp","href":"https:\/\/api.w.org\/{rel}","templated":true}]}}