{"id":4213,"date":"2025-04-07T13:35:45","date_gmt":"2025-04-07T13:35:45","guid":{"rendered":"https:\/\/casadolivreiro.pt\/?post_type=product&#038;p=4213"},"modified":"2025-04-07T13:35:46","modified_gmt":"2025-04-07T13:35:46","slug":"maria-no-novo-testamento-r-e-brown-k-p-donfried-j-a-fitzmyer-j-reumann","status":"publish","type":"product","link":"https:\/\/casadolivreiro.pt\/index.php\/product\/maria-no-novo-testamento-r-e-brown-k-p-donfried-j-a-fitzmyer-j-reumann\/","title":{"rendered":"MARIA NO NOVO TESTAMENTO \u2013 R.E. Brown, K.P. Donfried, J.A. Fitzmyer, J. Reumann"},"content":{"rendered":"<p>MARIA NO NOVO TESTAMENTO \u2013 R.E. Brown, K.P. Donfried, J.A. Fitzmyer, J. Reumann<\/p>\n<p>Tradu\u00e7\u00e3o de Pe. Jos\u00e9 Raimundo Vidigal<\/p>\n<p>Ano de edi\u00e7\u00e3o: 1985<\/p>\n<p>Editor: Edi\u00e7\u00f5es Paulinas, S\u00e3o Paulo<\/p>\n<p>Idioma: Portugu\u00eas<\/p>\n<p>Dimens\u00f5es: 13 x 1.5 x 20cm<\/p>\n<p>Encaderna\u00e7\u00e3o: capa mole<\/p>\n<p>P\u00e1ginas: 331<\/p>\n","protected":false},"excerpt":{"rendered":"<p>MARIA NO NOVO TESTAMENTO \u2013 R.E. Brown, K.P. Donfried, J.A. Fitzmyer, J. Reumann Tradu\u00e7\u00e3o de Pe. Jos\u00e9 Raimundo Vidigal Ano de edi\u00e7\u00e3o: 1985 Editor: Edi\u00e7\u00f5es Paulinas, S\u00e3o Paulo Idioma: Portugu\u00eas Dimens\u00f5es: 13 x 1.5 x 20cm Encaderna\u00e7\u00e3o: capa mole P\u00e1ginas: 331<\/p>\n","protected":false},"featured_media":4214,"comment_status":"open","ping_status":"closed","template":"","meta":{"om_disable_all_campaigns":false,"_monsterinsights_skip_tracking":false,"_monsterinsights_sitenote_active":false,"_monsterinsights_sitenote_note":"","_monsterinsights_sitenote_category":0,"_uf_show_specific_survey":0,"_uf_disable_surveys":false},"product_cat":[33],"product_tag":[],"aioseo_notices":[],"jetpack_sharing_enabled":true,"_links":{"self":[{"href":"https:\/\/casadolivreiro.pt\/index.php\/wp-json\/wp\/v2\/product\/4213"}],"collection":[{"href":"https:\/\/casadolivreiro.pt\/index.php\/wp-json\/wp\/v2\/product"}],"about":[{"href":"https:\/\/casadolivreiro.pt\/index.php\/wp-json\/wp\/v2\/types\/product"}],"replies":[{"embeddable":true,"href":"https:\/\/casadolivreiro.pt\/index.php\/wp-json\/wp\/v2\/comments?post=4213"}],"wp:featuredmedia":[{"embeddable":true,"href":"https:\/\/casadolivreiro.pt\/index.php\/wp-json\/wp\/v2\/media\/4214"}],"wp:attachment":[{"href":"https:\/\/casadolivreiro.pt\/index.php\/wp-json\/wp\/v2\/media?parent=4213"}],"wp:term":[{"taxonomy":"product_cat","embeddable":true,"href":"https:\/\/casadolivreiro.pt\/index.php\/wp-json\/wp\/v2\/product_cat?post=4213"},{"taxonomy":"product_tag","embeddable":true,"href":"https:\/\/casadolivreiro.pt\/index.php\/wp-json\/wp\/v2\/product_tag?post=4213"}],"curies":[{"name":"wp","href":"https:\/\/api.w.org\/{rel}","templated":true}]}}