{"id":4162,"date":"2025-04-03T15:54:27","date_gmt":"2025-04-03T15:54:27","guid":{"rendered":"https:\/\/casadolivreiro.pt\/?post_type=product&#038;p=4162"},"modified":"2025-04-03T15:54:28","modified_gmt":"2025-04-03T15:54:28","slug":"o-maior-homem-que-ja-viveu","status":"publish","type":"product","link":"https:\/\/casadolivreiro.pt\/index.php\/product\/o-maior-homem-que-ja-viveu\/","title":{"rendered":"O MAIOR HOMEM QUE J\u00c1 VIVEU"},"content":{"rendered":"<p>O MAIOR HOMEM QUE J\u00c1 VIVEU<\/p>\n<p>Ano de edi\u00e7\u00e3o: 1991<\/p>\n<p>Editor: Watch Tower Bible and Tract Society of Pennsylvania<\/p>\n<p>Idioma: Portugu\u00eas<\/p>\n<p>Dimens\u00f5es: 11 x 1.8 x 16cm<\/p>\n<p>Encaderna\u00e7\u00e3o: Capa mole<\/p>\n<p>P\u00e1ginas:<\/p>\n","protected":false},"excerpt":{"rendered":"<p>O MAIOR HOMEM QUE J\u00c1 VIVEU Ano de edi\u00e7\u00e3o: 1991 Editor: Watch Tower Bible and Tract Society of Pennsylvania Idioma: Portugu\u00eas Dimens\u00f5es: 11 x 1.8 x 16cm Encaderna\u00e7\u00e3o: Capa mole P\u00e1ginas:<\/p>\n","protected":false},"featured_media":4163,"comment_status":"open","ping_status":"closed","template":"","meta":{"om_disable_all_campaigns":false,"_monsterinsights_skip_tracking":false,"_monsterinsights_sitenote_active":false,"_monsterinsights_sitenote_note":"","_monsterinsights_sitenote_category":0,"_uf_show_specific_survey":0,"_uf_disable_surveys":false},"product_cat":[33,34],"product_tag":[],"aioseo_notices":[],"jetpack_sharing_enabled":true,"_links":{"self":[{"href":"https:\/\/casadolivreiro.pt\/index.php\/wp-json\/wp\/v2\/product\/4162"}],"collection":[{"href":"https:\/\/casadolivreiro.pt\/index.php\/wp-json\/wp\/v2\/product"}],"about":[{"href":"https:\/\/casadolivreiro.pt\/index.php\/wp-json\/wp\/v2\/types\/product"}],"replies":[{"embeddable":true,"href":"https:\/\/casadolivreiro.pt\/index.php\/wp-json\/wp\/v2\/comments?post=4162"}],"wp:featuredmedia":[{"embeddable":true,"href":"https:\/\/casadolivreiro.pt\/index.php\/wp-json\/wp\/v2\/media\/4163"}],"wp:attachment":[{"href":"https:\/\/casadolivreiro.pt\/index.php\/wp-json\/wp\/v2\/media?parent=4162"}],"wp:term":[{"taxonomy":"product_cat","embeddable":true,"href":"https:\/\/casadolivreiro.pt\/index.php\/wp-json\/wp\/v2\/product_cat?post=4162"},{"taxonomy":"product_tag","embeddable":true,"href":"https:\/\/casadolivreiro.pt\/index.php\/wp-json\/wp\/v2\/product_tag?post=4162"}],"curies":[{"name":"wp","href":"https:\/\/api.w.org\/{rel}","templated":true}]}}