{"id":4150,"date":"2025-04-03T15:00:24","date_gmt":"2025-04-03T15:00:24","guid":{"rendered":"https:\/\/casadolivreiro.pt\/?post_type=product&#038;p=4150"},"modified":"2025-04-03T15:00:24","modified_gmt":"2025-04-03T15:00:24","slug":"o-que-a-biblia-realmente-ensina","status":"publish","type":"product","link":"https:\/\/casadolivreiro.pt\/index.php\/product\/o-que-a-biblia-realmente-ensina\/","title":{"rendered":"O QUE A B\u00cdBLIA REALMENTE ENSINA?"},"content":{"rendered":"<p>O QUE A B\u00cdBLIA REALMENTE ENSINA?<\/p>\n<p>Ano de edi\u00e7\u00e3o: 2005<\/p>\n<p>Editor: Watch Tower Bible and Tract Society of New York, Inc.<\/p>\n<p>Idioma: Portugu\u00eas<\/p>\n<p>Dimens\u00f5es: 11 x 0.8 x 16cm<\/p>\n<p>Encaderna\u00e7\u00e3o: Capa mole<\/p>\n<p>P\u00e1ginas: 223<\/p>\n","protected":false},"excerpt":{"rendered":"<p>O QUE A B\u00cdBLIA REALMENTE ENSINA? Ano de edi\u00e7\u00e3o: 2005 Editor: Watch Tower Bible and Tract Society of New York, Inc. Idioma: Portugu\u00eas Dimens\u00f5es: 11 x 0.8 x 16cm Encaderna\u00e7\u00e3o: Capa mole P\u00e1ginas: 223<\/p>\n","protected":false},"featured_media":4151,"comment_status":"open","ping_status":"closed","template":"","meta":{"om_disable_all_campaigns":false,"_monsterinsights_skip_tracking":false,"_monsterinsights_sitenote_active":false,"_monsterinsights_sitenote_note":"","_monsterinsights_sitenote_category":0,"_uf_show_specific_survey":0,"_uf_disable_surveys":false},"product_cat":[33],"product_tag":[],"aioseo_notices":[],"jetpack_sharing_enabled":true,"_links":{"self":[{"href":"https:\/\/casadolivreiro.pt\/index.php\/wp-json\/wp\/v2\/product\/4150"}],"collection":[{"href":"https:\/\/casadolivreiro.pt\/index.php\/wp-json\/wp\/v2\/product"}],"about":[{"href":"https:\/\/casadolivreiro.pt\/index.php\/wp-json\/wp\/v2\/types\/product"}],"replies":[{"embeddable":true,"href":"https:\/\/casadolivreiro.pt\/index.php\/wp-json\/wp\/v2\/comments?post=4150"}],"wp:featuredmedia":[{"embeddable":true,"href":"https:\/\/casadolivreiro.pt\/index.php\/wp-json\/wp\/v2\/media\/4151"}],"wp:attachment":[{"href":"https:\/\/casadolivreiro.pt\/index.php\/wp-json\/wp\/v2\/media?parent=4150"}],"wp:term":[{"taxonomy":"product_cat","embeddable":true,"href":"https:\/\/casadolivreiro.pt\/index.php\/wp-json\/wp\/v2\/product_cat?post=4150"},{"taxonomy":"product_tag","embeddable":true,"href":"https:\/\/casadolivreiro.pt\/index.php\/wp-json\/wp\/v2\/product_tag?post=4150"}],"curies":[{"name":"wp","href":"https:\/\/api.w.org\/{rel}","templated":true}]}}