{"id":4115,"date":"2025-04-02T20:14:19","date_gmt":"2025-04-02T20:14:19","guid":{"rendered":"https:\/\/casadolivreiro.pt\/?post_type=product&#038;p=4115"},"modified":"2025-04-02T20:14:19","modified_gmt":"2025-04-02T20:14:19","slug":"o-eu-superior-e-outras-licoes-de-vida-mensagens-recebidas-de-jesus-alexandra-solnado","status":"publish","type":"product","link":"https:\/\/casadolivreiro.pt\/index.php\/product\/o-eu-superior-e-outras-licoes-de-vida-mensagens-recebidas-de-jesus-alexandra-solnado\/","title":{"rendered":"O EU SUPERIOR: E Outras Li\u00e7\u00f5es de Vida, Mensagens Recebidas de Jesus \u2013 Alexandra Solnado"},"content":{"rendered":"<p>O EU SUPERIOR: E Outras Li\u00e7\u00f5es de Vida, Mensagens Recebidas de Jesus \u2013 Alexandra Solnado<\/p>\n<p>Ano de edi\u00e7\u00e3o:\u00a0 2004<\/p>\n<p>Editor: Editorial Angelorum Lda.<\/p>\n<p>Idioma: Portugu\u00eas<\/p>\n<p>Dimens\u00f5es: 19.5 x 0.8 x 19.5cm<\/p>\n<p>Encaderna\u00e7\u00e3o: Capa dura<\/p>\n<p>P\u00e1ginas: 49 + CD<\/p>\n","protected":false},"excerpt":{"rendered":"<p>O EU SUPERIOR: E Outras Li\u00e7\u00f5es de Vida, Mensagens Recebidas de Jesus \u2013 Alexandra Solnado Ano de edi\u00e7\u00e3o:\u00a0 2004 Editor: Editorial Angelorum Lda. Idioma: Portugu\u00eas Dimens\u00f5es: 19.5 x 0.8 x 19.5cm Encaderna\u00e7\u00e3o: Capa dura P\u00e1ginas: 49 + CD<\/p>\n","protected":false},"featured_media":4116,"comment_status":"open","ping_status":"closed","template":"","meta":{"om_disable_all_campaigns":false,"_monsterinsights_skip_tracking":false,"_monsterinsights_sitenote_active":false,"_monsterinsights_sitenote_note":"","_monsterinsights_sitenote_category":0,"_uf_show_specific_survey":0,"_uf_disable_surveys":false},"product_cat":[33],"product_tag":[],"aioseo_notices":[],"jetpack_sharing_enabled":true,"_links":{"self":[{"href":"https:\/\/casadolivreiro.pt\/index.php\/wp-json\/wp\/v2\/product\/4115"}],"collection":[{"href":"https:\/\/casadolivreiro.pt\/index.php\/wp-json\/wp\/v2\/product"}],"about":[{"href":"https:\/\/casadolivreiro.pt\/index.php\/wp-json\/wp\/v2\/types\/product"}],"replies":[{"embeddable":true,"href":"https:\/\/casadolivreiro.pt\/index.php\/wp-json\/wp\/v2\/comments?post=4115"}],"wp:featuredmedia":[{"embeddable":true,"href":"https:\/\/casadolivreiro.pt\/index.php\/wp-json\/wp\/v2\/media\/4116"}],"wp:attachment":[{"href":"https:\/\/casadolivreiro.pt\/index.php\/wp-json\/wp\/v2\/media?parent=4115"}],"wp:term":[{"taxonomy":"product_cat","embeddable":true,"href":"https:\/\/casadolivreiro.pt\/index.php\/wp-json\/wp\/v2\/product_cat?post=4115"},{"taxonomy":"product_tag","embeddable":true,"href":"https:\/\/casadolivreiro.pt\/index.php\/wp-json\/wp\/v2\/product_tag?post=4115"}],"curies":[{"name":"wp","href":"https:\/\/api.w.org\/{rel}","templated":true}]}}