{"id":4107,"date":"2025-04-02T19:17:16","date_gmt":"2025-04-02T19:17:16","guid":{"rendered":"https:\/\/casadolivreiro.pt\/?post_type=product&#038;p=4107"},"modified":"2025-04-02T19:17:16","modified_gmt":"2025-04-02T19:17:16","slug":"filhos-de-quem-o-futuro-que-nos-espera-stefano-tardani","status":"publish","type":"product","link":"https:\/\/casadolivreiro.pt\/index.php\/product\/filhos-de-quem-o-futuro-que-nos-espera-stefano-tardani\/","title":{"rendered":"FILHOS\u2026 DE QUEM? O futuro que nos espera \u2013 Stefano Tardani"},"content":{"rendered":"<p>FILHOS\u2026 DE QUEM? O futuro que nos espera \u2013 Stefano Tardani<\/p>\n<p>Tradu\u00e7\u00e3o de Ant\u00f3nio Ferreira<\/p>\n<p>Ano de edi\u00e7\u00e3o:\u00a0 2013<\/p>\n<p>Editor: Paulus<\/p>\n<p>Idioma: Portugu\u00eas<\/p>\n<p>Dimens\u00f5es: 14 x 2.5 x 21cm<\/p>\n<p>Encaderna\u00e7\u00e3o: Capa mole<\/p>\n<p>P\u00e1ginas: 503<\/p>\n","protected":false},"excerpt":{"rendered":"<p>FILHOS\u2026 DE QUEM? O futuro que nos espera \u2013 Stefano Tardani Tradu\u00e7\u00e3o de Ant\u00f3nio Ferreira Ano de edi\u00e7\u00e3o:\u00a0 2013 Editor: Paulus Idioma: Portugu\u00eas Dimens\u00f5es: 14 x 2.5 x 21cm Encaderna\u00e7\u00e3o: Capa mole P\u00e1ginas: 503<\/p>\n","protected":false},"featured_media":4108,"comment_status":"open","ping_status":"closed","template":"","meta":{"om_disable_all_campaigns":false,"_monsterinsights_skip_tracking":false,"_monsterinsights_sitenote_active":false,"_monsterinsights_sitenote_note":"","_monsterinsights_sitenote_category":0,"_uf_show_specific_survey":0,"_uf_disable_surveys":false},"product_cat":[33],"product_tag":[],"aioseo_notices":[],"jetpack_sharing_enabled":true,"_links":{"self":[{"href":"https:\/\/casadolivreiro.pt\/index.php\/wp-json\/wp\/v2\/product\/4107"}],"collection":[{"href":"https:\/\/casadolivreiro.pt\/index.php\/wp-json\/wp\/v2\/product"}],"about":[{"href":"https:\/\/casadolivreiro.pt\/index.php\/wp-json\/wp\/v2\/types\/product"}],"replies":[{"embeddable":true,"href":"https:\/\/casadolivreiro.pt\/index.php\/wp-json\/wp\/v2\/comments?post=4107"}],"wp:featuredmedia":[{"embeddable":true,"href":"https:\/\/casadolivreiro.pt\/index.php\/wp-json\/wp\/v2\/media\/4108"}],"wp:attachment":[{"href":"https:\/\/casadolivreiro.pt\/index.php\/wp-json\/wp\/v2\/media?parent=4107"}],"wp:term":[{"taxonomy":"product_cat","embeddable":true,"href":"https:\/\/casadolivreiro.pt\/index.php\/wp-json\/wp\/v2\/product_cat?post=4107"},{"taxonomy":"product_tag","embeddable":true,"href":"https:\/\/casadolivreiro.pt\/index.php\/wp-json\/wp\/v2\/product_tag?post=4107"}],"curies":[{"name":"wp","href":"https:\/\/api.w.org\/{rel}","templated":true}]}}