{"id":4037,"date":"2025-04-01T13:10:48","date_gmt":"2025-04-01T13:10:48","guid":{"rendered":"https:\/\/casadolivreiro.pt\/?post_type=product&#038;p=4037"},"modified":"2025-04-01T13:10:48","modified_gmt":"2025-04-01T13:10:48","slug":"a-fome-no-mundo-claude-morgan","status":"publish","type":"product","link":"https:\/\/casadolivreiro.pt\/index.php\/product\/a-fome-no-mundo-claude-morgan\/","title":{"rendered":"A FOME NO MUNDO \u2013 Claude Morgan"},"content":{"rendered":"<p>A FOME NO MUNDO \u2013 Claude Morgan<\/p>\n<p>Tradu\u00e7\u00e3o de Alberto Candeias<\/p>\n<p>Ano de edi\u00e7\u00e3o: 1966<\/p>\n<p>Editor: Editorial Est\u00fadios Cor<\/p>\n<p>Idioma: Portugu\u00eas<\/p>\n<p>Dimens\u00f5es: 15.7 x 0.6 x 22.3 cm<\/p>\n<p>Encaderna\u00e7\u00e3o: Capa mole<\/p>\n<p>P\u00e1ginas: 110<\/p>\n","protected":false},"excerpt":{"rendered":"<p>A FOME NO MUNDO \u2013 Claude Morgan Tradu\u00e7\u00e3o de Alberto Candeias Ano de edi\u00e7\u00e3o: 1966 Editor: Editorial Est\u00fadios Cor Idioma: Portugu\u00eas Dimens\u00f5es: 15.7 x 0.6 x 22.3 cm Encaderna\u00e7\u00e3o: Capa mole P\u00e1ginas: 110<\/p>\n","protected":false},"featured_media":4038,"comment_status":"open","ping_status":"closed","template":"","meta":{"om_disable_all_campaigns":false,"_monsterinsights_skip_tracking":false,"_monsterinsights_sitenote_active":false,"_monsterinsights_sitenote_note":"","_monsterinsights_sitenote_category":0,"_uf_show_specific_survey":0,"_uf_disable_surveys":false},"product_cat":[31],"product_tag":[],"aioseo_notices":[],"jetpack_sharing_enabled":true,"_links":{"self":[{"href":"https:\/\/casadolivreiro.pt\/index.php\/wp-json\/wp\/v2\/product\/4037"}],"collection":[{"href":"https:\/\/casadolivreiro.pt\/index.php\/wp-json\/wp\/v2\/product"}],"about":[{"href":"https:\/\/casadolivreiro.pt\/index.php\/wp-json\/wp\/v2\/types\/product"}],"replies":[{"embeddable":true,"href":"https:\/\/casadolivreiro.pt\/index.php\/wp-json\/wp\/v2\/comments?post=4037"}],"wp:featuredmedia":[{"embeddable":true,"href":"https:\/\/casadolivreiro.pt\/index.php\/wp-json\/wp\/v2\/media\/4038"}],"wp:attachment":[{"href":"https:\/\/casadolivreiro.pt\/index.php\/wp-json\/wp\/v2\/media?parent=4037"}],"wp:term":[{"taxonomy":"product_cat","embeddable":true,"href":"https:\/\/casadolivreiro.pt\/index.php\/wp-json\/wp\/v2\/product_cat?post=4037"},{"taxonomy":"product_tag","embeddable":true,"href":"https:\/\/casadolivreiro.pt\/index.php\/wp-json\/wp\/v2\/product_tag?post=4037"}],"curies":[{"name":"wp","href":"https:\/\/api.w.org\/{rel}","templated":true}]}}