{"id":4005,"date":"2025-03-31T23:47:57","date_gmt":"2025-03-31T23:47:57","guid":{"rendered":"https:\/\/casadolivreiro.pt\/?post_type=product&#038;p=4005"},"modified":"2025-03-31T23:47:57","modified_gmt":"2025-03-31T23:47:57","slug":"nas-margens-da-inquietacao-diario-1972-1979-helder-de-sousa","status":"publish","type":"product","link":"https:\/\/casadolivreiro.pt\/index.php\/product\/nas-margens-da-inquietacao-diario-1972-1979-helder-de-sousa\/","title":{"rendered":"NAS MARGENS DA INQUIETA\u00c7\u00c3O: Di\u00e1rio 1972-1979 \u2013 Helder de Sousa"},"content":{"rendered":"<p>NAS MARGENS DA INQUIETA\u00c7\u00c3O: Di\u00e1rio 1972-1979 \u2013 Helder de Sousa<\/p>\n<p>Ano de edi\u00e7\u00e3o: 1994, 1.\u00aa edi\u00e7\u00e3o<\/p>\n<p>Editor:<\/p>\n<p>Idioma: Portugu\u00eas<\/p>\n<p>Dimens\u00f5es: 14 x 1.6 x 20 cm<\/p>\n<p>Encaderna\u00e7\u00e3o: Capa mole<\/p>\n<p>P\u00e1ginas: 228<\/p>\n","protected":false},"excerpt":{"rendered":"<p>NAS MARGENS DA INQUIETA\u00c7\u00c3O: Di\u00e1rio 1972-1979 \u2013 Helder de Sousa Ano de edi\u00e7\u00e3o: 1994, 1.\u00aa edi\u00e7\u00e3o Editor: Idioma: Portugu\u00eas Dimens\u00f5es: 14 x 1.6 x 20 cm Encaderna\u00e7\u00e3o: Capa mole P\u00e1ginas: 228<\/p>\n","protected":false},"featured_media":4006,"comment_status":"open","ping_status":"closed","template":"","meta":{"om_disable_all_campaigns":false,"_monsterinsights_skip_tracking":false,"_monsterinsights_sitenote_active":false,"_monsterinsights_sitenote_note":"","_monsterinsights_sitenote_category":0,"_uf_show_specific_survey":0,"_uf_disable_surveys":false},"product_cat":[25,36],"product_tag":[],"aioseo_notices":[],"jetpack_sharing_enabled":true,"_links":{"self":[{"href":"https:\/\/casadolivreiro.pt\/index.php\/wp-json\/wp\/v2\/product\/4005"}],"collection":[{"href":"https:\/\/casadolivreiro.pt\/index.php\/wp-json\/wp\/v2\/product"}],"about":[{"href":"https:\/\/casadolivreiro.pt\/index.php\/wp-json\/wp\/v2\/types\/product"}],"replies":[{"embeddable":true,"href":"https:\/\/casadolivreiro.pt\/index.php\/wp-json\/wp\/v2\/comments?post=4005"}],"wp:featuredmedia":[{"embeddable":true,"href":"https:\/\/casadolivreiro.pt\/index.php\/wp-json\/wp\/v2\/media\/4006"}],"wp:attachment":[{"href":"https:\/\/casadolivreiro.pt\/index.php\/wp-json\/wp\/v2\/media?parent=4005"}],"wp:term":[{"taxonomy":"product_cat","embeddable":true,"href":"https:\/\/casadolivreiro.pt\/index.php\/wp-json\/wp\/v2\/product_cat?post=4005"},{"taxonomy":"product_tag","embeddable":true,"href":"https:\/\/casadolivreiro.pt\/index.php\/wp-json\/wp\/v2\/product_tag?post=4005"}],"curies":[{"name":"wp","href":"https:\/\/api.w.org\/{rel}","templated":true}]}}