{"id":3967,"date":"2025-03-31T17:05:50","date_gmt":"2025-03-31T17:05:50","guid":{"rendered":"https:\/\/casadolivreiro.pt\/?post_type=product&#038;p=3967"},"modified":"2025-03-31T17:05:50","modified_gmt":"2025-03-31T17:05:50","slug":"organizacoes-e-trabalho-revista-semestral-numero-24-dezembro-de-2000","status":"publish","type":"product","link":"https:\/\/casadolivreiro.pt\/index.php\/product\/organizacoes-e-trabalho-revista-semestral-numero-24-dezembro-de-2000\/","title":{"rendered":"ORGANIZA\u00c7\u00d5ES E TRABALHO, Revista semestral,  N\u00famero 24, Dezembro de 2000"},"content":{"rendered":"<p>ORGANIZA\u00c7\u00d5ES E TRABALHO, Revista semestral, \u00a0N\u00famero 24, Dezembro de 2000<\/p>\n<p>Director: Ant\u00f3nio Brand\u00e3o Moniz<\/p>\n<p>Ano de edi\u00e7\u00e3o: 2000<\/p>\n<p>Editor: Celta Editora<\/p>\n<p>Idioma: Portugu\u00eas<\/p>\n<p>Dimens\u00f5es: 17 x 1 x 24cm<\/p>\n<p>Encaderna\u00e7\u00e3o: Capa mole<\/p>\n<p>P\u00e1ginas: 134<\/p>\n","protected":false},"excerpt":{"rendered":"<p>ORGANIZA\u00c7\u00d5ES E TRABALHO, Revista semestral, \u00a0N\u00famero 24, Dezembro de 2000 Director: Ant\u00f3nio Brand\u00e3o Moniz Ano de edi\u00e7\u00e3o: 2000 Editor: Celta Editora Idioma: Portugu\u00eas Dimens\u00f5es: 17 x 1 x 24cm Encaderna\u00e7\u00e3o: Capa mole P\u00e1ginas: 134<\/p>\n","protected":false},"featured_media":3968,"comment_status":"open","ping_status":"closed","template":"","meta":{"om_disable_all_campaigns":false,"_monsterinsights_skip_tracking":false,"_monsterinsights_sitenote_active":false,"_monsterinsights_sitenote_note":"","_monsterinsights_sitenote_category":0,"_uf_show_specific_survey":0,"_uf_disable_surveys":false},"product_cat":[31,41,65],"product_tag":[],"aioseo_notices":[],"jetpack_sharing_enabled":true,"_links":{"self":[{"href":"https:\/\/casadolivreiro.pt\/index.php\/wp-json\/wp\/v2\/product\/3967"}],"collection":[{"href":"https:\/\/casadolivreiro.pt\/index.php\/wp-json\/wp\/v2\/product"}],"about":[{"href":"https:\/\/casadolivreiro.pt\/index.php\/wp-json\/wp\/v2\/types\/product"}],"replies":[{"embeddable":true,"href":"https:\/\/casadolivreiro.pt\/index.php\/wp-json\/wp\/v2\/comments?post=3967"}],"wp:featuredmedia":[{"embeddable":true,"href":"https:\/\/casadolivreiro.pt\/index.php\/wp-json\/wp\/v2\/media\/3968"}],"wp:attachment":[{"href":"https:\/\/casadolivreiro.pt\/index.php\/wp-json\/wp\/v2\/media?parent=3967"}],"wp:term":[{"taxonomy":"product_cat","embeddable":true,"href":"https:\/\/casadolivreiro.pt\/index.php\/wp-json\/wp\/v2\/product_cat?post=3967"},{"taxonomy":"product_tag","embeddable":true,"href":"https:\/\/casadolivreiro.pt\/index.php\/wp-json\/wp\/v2\/product_tag?post=3967"}],"curies":[{"name":"wp","href":"https:\/\/api.w.org\/{rel}","templated":true}]}}