{"id":3959,"date":"2025-03-31T16:39:48","date_gmt":"2025-03-31T16:39:48","guid":{"rendered":"https:\/\/casadolivreiro.pt\/?post_type=product&#038;p=3959"},"modified":"2025-03-31T16:39:48","modified_gmt":"2025-03-31T16:39:48","slug":"cadernos-do-publico-3-o-envelhecimento-da-populacao-portuguesa-maria-joao-valente-rosa","status":"publish","type":"product","link":"https:\/\/casadolivreiro.pt\/index.php\/product\/cadernos-do-publico-3-o-envelhecimento-da-populacao-portuguesa-maria-joao-valente-rosa\/","title":{"rendered":"CADERNOS DO P\u00daBLICO # 3: O ENVELHECIMENTO DA POPULA\u00c7\u00c3O PORTUGUESA \u2013 Maria Jo\u00e3o Valente Rosa"},"content":{"rendered":"<p>CADERNOS DO P\u00daBLICO # 3: O ENVELHECIMENTO DA POPULA\u00c7\u00c3O PORTUGUESA \u2013 Maria Jo\u00e3o Valente Rosa<\/p>\n<p>Ano de edi\u00e7\u00e3o: 1996<\/p>\n<p>Editor: Jornal P\u00fablico<\/p>\n<p>Idioma: Portugu\u00eas<\/p>\n<p>Dimens\u00f5es: 14.8 x 0.4 x 20.8cm<\/p>\n<p>Encaderna\u00e7\u00e3o: Capa mole<\/p>\n<p>P\u00e1ginas: 56<\/p>\n","protected":false},"excerpt":{"rendered":"<p>CADERNOS DO P\u00daBLICO # 3: O ENVELHECIMENTO DA POPULA\u00c7\u00c3O PORTUGUESA \u2013 Maria Jo\u00e3o Valente Rosa Ano de edi\u00e7\u00e3o: 1996 Editor: Jornal P\u00fablico Idioma: Portugu\u00eas Dimens\u00f5es: 14.8 x 0.4 x 20.8cm Encaderna\u00e7\u00e3o: Capa mole P\u00e1ginas: 56<\/p>\n","protected":false},"featured_media":3960,"comment_status":"open","ping_status":"closed","template":"","meta":{"om_disable_all_campaigns":false,"_monsterinsights_skip_tracking":false,"_monsterinsights_sitenote_active":false,"_monsterinsights_sitenote_note":"","_monsterinsights_sitenote_category":0,"_uf_show_specific_survey":0,"_uf_disable_surveys":false},"product_cat":[31],"product_tag":[],"aioseo_notices":[],"jetpack_sharing_enabled":true,"_links":{"self":[{"href":"https:\/\/casadolivreiro.pt\/index.php\/wp-json\/wp\/v2\/product\/3959"}],"collection":[{"href":"https:\/\/casadolivreiro.pt\/index.php\/wp-json\/wp\/v2\/product"}],"about":[{"href":"https:\/\/casadolivreiro.pt\/index.php\/wp-json\/wp\/v2\/types\/product"}],"replies":[{"embeddable":true,"href":"https:\/\/casadolivreiro.pt\/index.php\/wp-json\/wp\/v2\/comments?post=3959"}],"wp:featuredmedia":[{"embeddable":true,"href":"https:\/\/casadolivreiro.pt\/index.php\/wp-json\/wp\/v2\/media\/3960"}],"wp:attachment":[{"href":"https:\/\/casadolivreiro.pt\/index.php\/wp-json\/wp\/v2\/media?parent=3959"}],"wp:term":[{"taxonomy":"product_cat","embeddable":true,"href":"https:\/\/casadolivreiro.pt\/index.php\/wp-json\/wp\/v2\/product_cat?post=3959"},{"taxonomy":"product_tag","embeddable":true,"href":"https:\/\/casadolivreiro.pt\/index.php\/wp-json\/wp\/v2\/product_tag?post=3959"}],"curies":[{"name":"wp","href":"https:\/\/api.w.org\/{rel}","templated":true}]}}