{"id":3949,"date":"2025-03-31T02:02:37","date_gmt":"2025-03-31T02:02:37","guid":{"rendered":"https:\/\/casadolivreiro.pt\/?post_type=product&#038;p=3949"},"modified":"2025-03-31T02:02:37","modified_gmt":"2025-03-31T02:02:37","slug":"arquivo-de-cascais-historia-memoria-patrimonio","status":"publish","type":"product","link":"https:\/\/casadolivreiro.pt\/index.php\/product\/arquivo-de-cascais-historia-memoria-patrimonio\/","title":{"rendered":"ARQUIVO DE CASCAIS: Hist\u00f3ria, Mem\u00f3ria, Patrim\u00f3nio"},"content":{"rendered":"<p>ARQUIVO DE CASCAIS: Hist\u00f3ria, Mem\u00f3ria, Patrim\u00f3nio<\/p>\n<p>Ano de edi\u00e7\u00e3o: 2015<\/p>\n<p>Editor: C\u00e2mara Municipal de Cascais<\/p>\n<p>Idioma: Portugu\u00eas<\/p>\n<p>Dimens\u00f5es: 16.8 x 2 x 24cm<\/p>\n<p>Encaderna\u00e7\u00e3o: Capa mole<\/p>\n<p>P\u00e1ginas: 241<\/p>\n","protected":false},"excerpt":{"rendered":"<p>ARQUIVO DE CASCAIS: Hist\u00f3ria, Mem\u00f3ria, Patrim\u00f3nio Ano de edi\u00e7\u00e3o: 2015 Editor: C\u00e2mara Municipal de Cascais Idioma: Portugu\u00eas Dimens\u00f5es: 16.8 x 2 x 24cm Encaderna\u00e7\u00e3o: Capa mole P\u00e1ginas: 241<\/p>\n","protected":false},"featured_media":3950,"comment_status":"open","ping_status":"closed","template":"","meta":{"om_disable_all_campaigns":false,"_monsterinsights_skip_tracking":false,"_monsterinsights_sitenote_active":false,"_monsterinsights_sitenote_note":"","_monsterinsights_sitenote_category":0,"_uf_show_specific_survey":0,"_uf_disable_surveys":false},"product_cat":[31,30],"product_tag":[],"aioseo_notices":[],"jetpack_sharing_enabled":true,"_links":{"self":[{"href":"https:\/\/casadolivreiro.pt\/index.php\/wp-json\/wp\/v2\/product\/3949"}],"collection":[{"href":"https:\/\/casadolivreiro.pt\/index.php\/wp-json\/wp\/v2\/product"}],"about":[{"href":"https:\/\/casadolivreiro.pt\/index.php\/wp-json\/wp\/v2\/types\/product"}],"replies":[{"embeddable":true,"href":"https:\/\/casadolivreiro.pt\/index.php\/wp-json\/wp\/v2\/comments?post=3949"}],"wp:featuredmedia":[{"embeddable":true,"href":"https:\/\/casadolivreiro.pt\/index.php\/wp-json\/wp\/v2\/media\/3950"}],"wp:attachment":[{"href":"https:\/\/casadolivreiro.pt\/index.php\/wp-json\/wp\/v2\/media?parent=3949"}],"wp:term":[{"taxonomy":"product_cat","embeddable":true,"href":"https:\/\/casadolivreiro.pt\/index.php\/wp-json\/wp\/v2\/product_cat?post=3949"},{"taxonomy":"product_tag","embeddable":true,"href":"https:\/\/casadolivreiro.pt\/index.php\/wp-json\/wp\/v2\/product_tag?post=3949"}],"curies":[{"name":"wp","href":"https:\/\/api.w.org\/{rel}","templated":true}]}}