{"id":3943,"date":"2025-03-31T01:45:16","date_gmt":"2025-03-31T01:45:16","guid":{"rendered":"https:\/\/casadolivreiro.pt\/?post_type=product&#038;p=3943"},"modified":"2025-03-31T01:45:16","modified_gmt":"2025-03-31T01:45:16","slug":"circulos-viciosos-temas-politicos-do-nosso-tempo-carlos-de-mello","status":"publish","type":"product","link":"https:\/\/casadolivreiro.pt\/index.php\/product\/circulos-viciosos-temas-politicos-do-nosso-tempo-carlos-de-mello\/","title":{"rendered":"CIRCULOS VICIOSOS: Temas pol\u00edticos do nosso tempo \u2013 Carlos de Mello"},"content":{"rendered":"<p>CIRCULOS VICIOSOS: Temas pol\u00edticos do nosso tempo \u2013 Carlos de Mello<\/p>\n<p>Ano de edi\u00e7\u00e3o: 1963<\/p>\n<p>Editor: Arc\u00e1dia<\/p>\n<p>Idioma: Portugu\u00eas<\/p>\n<p>Dimens\u00f5es: 16.8 x 1.4 x 22.6cm<\/p>\n<p>Encaderna\u00e7\u00e3o: Capa mole<\/p>\n<p>P\u00e1ginas: 179<\/p>\n","protected":false},"excerpt":{"rendered":"<p>CIRCULOS VICIOSOS: Temas pol\u00edticos do nosso tempo \u2013 Carlos de Mello Ano de edi\u00e7\u00e3o: 1963 Editor: Arc\u00e1dia Idioma: Portugu\u00eas Dimens\u00f5es: 16.8 x 1.4 x 22.6cm Encaderna\u00e7\u00e3o: Capa mole P\u00e1ginas: 179<\/p>\n","protected":false},"featured_media":3944,"comment_status":"open","ping_status":"closed","template":"","meta":{"om_disable_all_campaigns":false,"_monsterinsights_skip_tracking":false,"_monsterinsights_sitenote_active":false,"_monsterinsights_sitenote_note":"","_monsterinsights_sitenote_category":0,"_uf_show_specific_survey":0,"_uf_disable_surveys":false},"product_cat":[31,51],"product_tag":[],"aioseo_notices":[],"jetpack_sharing_enabled":true,"_links":{"self":[{"href":"https:\/\/casadolivreiro.pt\/index.php\/wp-json\/wp\/v2\/product\/3943"}],"collection":[{"href":"https:\/\/casadolivreiro.pt\/index.php\/wp-json\/wp\/v2\/product"}],"about":[{"href":"https:\/\/casadolivreiro.pt\/index.php\/wp-json\/wp\/v2\/types\/product"}],"replies":[{"embeddable":true,"href":"https:\/\/casadolivreiro.pt\/index.php\/wp-json\/wp\/v2\/comments?post=3943"}],"wp:featuredmedia":[{"embeddable":true,"href":"https:\/\/casadolivreiro.pt\/index.php\/wp-json\/wp\/v2\/media\/3944"}],"wp:attachment":[{"href":"https:\/\/casadolivreiro.pt\/index.php\/wp-json\/wp\/v2\/media?parent=3943"}],"wp:term":[{"taxonomy":"product_cat","embeddable":true,"href":"https:\/\/casadolivreiro.pt\/index.php\/wp-json\/wp\/v2\/product_cat?post=3943"},{"taxonomy":"product_tag","embeddable":true,"href":"https:\/\/casadolivreiro.pt\/index.php\/wp-json\/wp\/v2\/product_tag?post=3943"}],"curies":[{"name":"wp","href":"https:\/\/api.w.org\/{rel}","templated":true}]}}