{"id":3913,"date":"2025-03-30T21:12:57","date_gmt":"2025-03-30T21:12:57","guid":{"rendered":"https:\/\/casadolivreiro.pt\/?post_type=product&#038;p=3913"},"modified":"2025-04-15T16:21:05","modified_gmt":"2025-04-15T16:21:05","slug":"caparica-doutros-tempos-salvador-felix-martins","status":"publish","type":"product","link":"https:\/\/casadolivreiro.pt\/index.php\/product\/caparica-doutros-tempos-salvador-felix-martins\/","title":{"rendered":"CAPARICA DOUTROS TEMPOS \u2013 Salvador F\u00e9lix Martins"},"content":{"rendered":"<p>CAPARICA DOUTROS TEMPOS \u2013 Salvador F\u00e9lix Martins<\/p>\n<p>Ano de edi\u00e7\u00e3o: 2004<\/p>\n<p>Editor: Socingraf<\/p>\n<p>Idioma: Portugu\u00eas<\/p>\n<p>Dimens\u00f5es: 22.2 x 1.1 x 30.5cm<\/p>\n<p>Encaderna\u00e7\u00e3o: Capa mole<\/p>\n<p>P\u00e1ginas: 153<\/p>\n","protected":false},"excerpt":{"rendered":"<p>CAPARICA DOUTROS TEMPOS \u2013 Salvador F\u00e9lix Martins Ano de edi\u00e7\u00e3o: 2004 Editor: Socingraf Idioma: Portugu\u00eas Dimens\u00f5es: 22.2 x 1.1 x 30.5cm Encaderna\u00e7\u00e3o: Capa mole P\u00e1ginas: 153<\/p>\n","protected":false},"featured_media":3914,"comment_status":"open","ping_status":"closed","template":"","meta":{"om_disable_all_campaigns":false,"_monsterinsights_skip_tracking":false,"_monsterinsights_sitenote_active":false,"_monsterinsights_sitenote_note":"","_monsterinsights_sitenote_category":0,"_uf_show_specific_survey":0,"_uf_disable_surveys":false},"product_cat":[30,36,49,39],"product_tag":[],"aioseo_notices":[],"jetpack_sharing_enabled":true,"_links":{"self":[{"href":"https:\/\/casadolivreiro.pt\/index.php\/wp-json\/wp\/v2\/product\/3913"}],"collection":[{"href":"https:\/\/casadolivreiro.pt\/index.php\/wp-json\/wp\/v2\/product"}],"about":[{"href":"https:\/\/casadolivreiro.pt\/index.php\/wp-json\/wp\/v2\/types\/product"}],"replies":[{"embeddable":true,"href":"https:\/\/casadolivreiro.pt\/index.php\/wp-json\/wp\/v2\/comments?post=3913"}],"wp:featuredmedia":[{"embeddable":true,"href":"https:\/\/casadolivreiro.pt\/index.php\/wp-json\/wp\/v2\/media\/3914"}],"wp:attachment":[{"href":"https:\/\/casadolivreiro.pt\/index.php\/wp-json\/wp\/v2\/media?parent=3913"}],"wp:term":[{"taxonomy":"product_cat","embeddable":true,"href":"https:\/\/casadolivreiro.pt\/index.php\/wp-json\/wp\/v2\/product_cat?post=3913"},{"taxonomy":"product_tag","embeddable":true,"href":"https:\/\/casadolivreiro.pt\/index.php\/wp-json\/wp\/v2\/product_tag?post=3913"}],"curies":[{"name":"wp","href":"https:\/\/api.w.org\/{rel}","templated":true}]}}