{"id":3884,"date":"2025-03-29T22:28:45","date_gmt":"2025-03-29T22:28:45","guid":{"rendered":"https:\/\/casadolivreiro.pt\/?post_type=product&#038;p=3884"},"modified":"2025-03-29T22:28:45","modified_gmt":"2025-03-29T22:28:45","slug":"aos-pares-a-minha-grande-familia-de-gemeos-a-dobrar-mariana-seara-cardoso","status":"publish","type":"product","link":"https:\/\/casadolivreiro.pt\/index.php\/product\/aos-pares-a-minha-grande-familia-de-gemeos-a-dobrar-mariana-seara-cardoso\/","title":{"rendered":"AOS PARES: A MINHA GRANDE FAMILIA DE G\u00c9MEOS,  A DOBRAR \u2013 Mariana Seara  Cardoso"},"content":{"rendered":"<p>AOS PARES: A MINHA GRANDE FAMILIA DE G\u00c9MEOS, \u00a0A DOBRAR \u2013 Mariana Seara\u00a0 Cardoso<\/p>\n<p>Ano de edi\u00e7\u00e3o: 2016<\/p>\n<p>Editor: Zero a Oito, Lisboa<\/p>\n<p>Idioma: Portugu\u00eas<\/p>\n<p>Dimens\u00f5es: 15 x 1 x 22.7cm<\/p>\n<p>Encaderna\u00e7\u00e3o: Capa mole<\/p>\n<p>P\u00e1ginas: 133<\/p>\n","protected":false},"excerpt":{"rendered":"<p>AOS PARES: A MINHA GRANDE FAMILIA DE G\u00c9MEOS, \u00a0A DOBRAR \u2013 Mariana Seara\u00a0 Cardoso Ano de edi\u00e7\u00e3o: 2016 Editor: Zero a Oito, Lisboa Idioma: Portugu\u00eas Dimens\u00f5es: 15 x 1 x 22.7cm Encaderna\u00e7\u00e3o: Capa mole P\u00e1ginas: 133<\/p>\n","protected":false},"featured_media":3885,"comment_status":"open","ping_status":"closed","template":"","meta":{"om_disable_all_campaigns":false,"_monsterinsights_skip_tracking":false,"_monsterinsights_sitenote_active":false,"_monsterinsights_sitenote_note":"","_monsterinsights_sitenote_category":0,"_uf_show_specific_survey":0,"_uf_disable_surveys":false},"product_cat":[36,66],"product_tag":[],"aioseo_notices":[],"jetpack_sharing_enabled":true,"_links":{"self":[{"href":"https:\/\/casadolivreiro.pt\/index.php\/wp-json\/wp\/v2\/product\/3884"}],"collection":[{"href":"https:\/\/casadolivreiro.pt\/index.php\/wp-json\/wp\/v2\/product"}],"about":[{"href":"https:\/\/casadolivreiro.pt\/index.php\/wp-json\/wp\/v2\/types\/product"}],"replies":[{"embeddable":true,"href":"https:\/\/casadolivreiro.pt\/index.php\/wp-json\/wp\/v2\/comments?post=3884"}],"wp:featuredmedia":[{"embeddable":true,"href":"https:\/\/casadolivreiro.pt\/index.php\/wp-json\/wp\/v2\/media\/3885"}],"wp:attachment":[{"href":"https:\/\/casadolivreiro.pt\/index.php\/wp-json\/wp\/v2\/media?parent=3884"}],"wp:term":[{"taxonomy":"product_cat","embeddable":true,"href":"https:\/\/casadolivreiro.pt\/index.php\/wp-json\/wp\/v2\/product_cat?post=3884"},{"taxonomy":"product_tag","embeddable":true,"href":"https:\/\/casadolivreiro.pt\/index.php\/wp-json\/wp\/v2\/product_tag?post=3884"}],"curies":[{"name":"wp","href":"https:\/\/api.w.org\/{rel}","templated":true}]}}