{"id":3841,"date":"2025-03-27T21:20:48","date_gmt":"2025-03-27T21:20:48","guid":{"rendered":"https:\/\/casadolivreiro.pt\/?post_type=product&#038;p=3841"},"modified":"2025-03-27T21:20:48","modified_gmt":"2025-03-27T21:20:48","slug":"coisas-do-tempo-presente-a-patria-em-perigo-cunha-leal","status":"publish","type":"product","link":"https:\/\/casadolivreiro.pt\/index.php\/product\/coisas-do-tempo-presente-a-patria-em-perigo-cunha-leal\/","title":{"rendered":"COISAS DO TEMPO PRESENTE: A P\u00c1TRIA EM PERIGO \u2013 Cunha Leal"},"content":{"rendered":"<p>Estudo sobre as transforma\u00e7\u00f5es pol\u00edticas e sociais verificadas \u00e0 \u00e9poca, colocando foco no debate internacional sobre o colonialismo, na situa\u00e7\u00e3o goesa e na efervesc\u00eancia de novas matrizes de organiza\u00e7\u00e3o pol\u00edtica.<\/p>\n<p>Enquadrando a posi\u00e7\u00e3o portuguesa no p\u00e1lio das grandes disputas ideol\u00f3gicas internacionais, o autor n\u00e3o dispensa duras cr\u00edticas \u00e0s pol\u00edticas governativas nacionais, apontando os principais erros do Executivo na gest\u00e3o dos problemas dom\u00e9sticos de Portugal e da sua incapacidade de afirma\u00e7\u00e3o internacional em plataformas diplom\u00e1ticas.<\/p>\n<p>Ano de edi\u00e7\u00e3o: 1962<\/p>\n<p>Editor: Edi\u00e7\u00e3o do Autor<\/p>\n<p>Idioma: Portugu\u00eas<\/p>\n<p>Dimens\u00f5es: 12 x 2.2 x 19.2cm<\/p>\n<p>Encaderna\u00e7\u00e3o: Capa mole<\/p>\n<p>P\u00e1ginas: 300<\/p>\n","protected":false},"excerpt":{"rendered":"<p>Estudo sobre as transforma\u00e7\u00f5es pol\u00edticas e sociais verificadas \u00e0 \u00e9poca, colocando foco no debate internacional sobre o colonialismo, na situa\u00e7\u00e3o goesa e na efervesc\u00eancia de novas matrizes de organiza\u00e7\u00e3o pol\u00edtica. Enquadrando a posi\u00e7\u00e3o portuguesa no p\u00e1lio das grandes disputas ideol\u00f3gicas internacionais, o autor n\u00e3o dispensa duras cr\u00edticas \u00e0s pol\u00edticas governativas nacionais, apontando os principais erros [&hellip;]<\/p>\n","protected":false},"featured_media":3842,"comment_status":"open","ping_status":"closed","template":"","meta":{"om_disable_all_campaigns":false,"_monsterinsights_skip_tracking":false,"_monsterinsights_sitenote_active":false,"_monsterinsights_sitenote_note":"","_monsterinsights_sitenote_category":0,"_uf_show_specific_survey":0,"_uf_disable_surveys":false},"product_cat":[31,59,62,51],"product_tag":[],"aioseo_notices":[],"jetpack_sharing_enabled":true,"_links":{"self":[{"href":"https:\/\/casadolivreiro.pt\/index.php\/wp-json\/wp\/v2\/product\/3841"}],"collection":[{"href":"https:\/\/casadolivreiro.pt\/index.php\/wp-json\/wp\/v2\/product"}],"about":[{"href":"https:\/\/casadolivreiro.pt\/index.php\/wp-json\/wp\/v2\/types\/product"}],"replies":[{"embeddable":true,"href":"https:\/\/casadolivreiro.pt\/index.php\/wp-json\/wp\/v2\/comments?post=3841"}],"wp:featuredmedia":[{"embeddable":true,"href":"https:\/\/casadolivreiro.pt\/index.php\/wp-json\/wp\/v2\/media\/3842"}],"wp:attachment":[{"href":"https:\/\/casadolivreiro.pt\/index.php\/wp-json\/wp\/v2\/media?parent=3841"}],"wp:term":[{"taxonomy":"product_cat","embeddable":true,"href":"https:\/\/casadolivreiro.pt\/index.php\/wp-json\/wp\/v2\/product_cat?post=3841"},{"taxonomy":"product_tag","embeddable":true,"href":"https:\/\/casadolivreiro.pt\/index.php\/wp-json\/wp\/v2\/product_tag?post=3841"}],"curies":[{"name":"wp","href":"https:\/\/api.w.org\/{rel}","templated":true}]}}