{"id":3829,"date":"2025-03-27T19:21:01","date_gmt":"2025-03-27T19:21:01","guid":{"rendered":"https:\/\/casadolivreiro.pt\/?post_type=product&#038;p=3829"},"modified":"2026-01-11T16:00:33","modified_gmt":"2026-01-11T16:00:33","slug":"resposta-a-tudo","status":"publish","type":"product","link":"https:\/\/casadolivreiro.pt\/index.php\/product\/resposta-a-tudo\/","title":{"rendered":"RESPOSTA A TUDO"},"content":{"rendered":"<p>RESPOSTA A TUDO<\/p>\n<p>Tradu\u00e7\u00e3o de Manuel Cordeiro<\/p>\n<p>Ano de edi\u00e7\u00e3o: 1985<\/p>\n<p>Editor: Circulo de Leitores<\/p>\n<p>Idioma: Portugu\u00eas<\/p>\n<p>Dimens\u00f5es: 15 x 2.2 x 20.2cm<\/p>\n<p>Encaderna\u00e7\u00e3o: Capa dura<\/p>\n<p>P\u00e1ginas: 286<\/p>\n","protected":false},"excerpt":{"rendered":"<p>RESPOSTA A TUDO Tradu\u00e7\u00e3o de Manuel Cordeiro Ano de edi\u00e7\u00e3o: 1985 Editor: Circulo de Leitores Idioma: Portugu\u00eas Dimens\u00f5es: 15 x 2.2 x 20.2cm Encaderna\u00e7\u00e3o: Capa dura P\u00e1ginas: 286<\/p>\n","protected":false},"featured_media":3830,"comment_status":"open","ping_status":"closed","template":"","meta":{"om_disable_all_campaigns":false,"_monsterinsights_skip_tracking":false,"_monsterinsights_sitenote_active":false,"_monsterinsights_sitenote_note":"","_monsterinsights_sitenote_category":0,"_uf_show_specific_survey":0,"_uf_disable_surveys":false},"product_cat":[46,47],"product_tag":[],"aioseo_notices":[],"jetpack_sharing_enabled":true,"_links":{"self":[{"href":"https:\/\/casadolivreiro.pt\/index.php\/wp-json\/wp\/v2\/product\/3829"}],"collection":[{"href":"https:\/\/casadolivreiro.pt\/index.php\/wp-json\/wp\/v2\/product"}],"about":[{"href":"https:\/\/casadolivreiro.pt\/index.php\/wp-json\/wp\/v2\/types\/product"}],"replies":[{"embeddable":true,"href":"https:\/\/casadolivreiro.pt\/index.php\/wp-json\/wp\/v2\/comments?post=3829"}],"wp:featuredmedia":[{"embeddable":true,"href":"https:\/\/casadolivreiro.pt\/index.php\/wp-json\/wp\/v2\/media\/3830"}],"wp:attachment":[{"href":"https:\/\/casadolivreiro.pt\/index.php\/wp-json\/wp\/v2\/media?parent=3829"}],"wp:term":[{"taxonomy":"product_cat","embeddable":true,"href":"https:\/\/casadolivreiro.pt\/index.php\/wp-json\/wp\/v2\/product_cat?post=3829"},{"taxonomy":"product_tag","embeddable":true,"href":"https:\/\/casadolivreiro.pt\/index.php\/wp-json\/wp\/v2\/product_tag?post=3829"}],"curies":[{"name":"wp","href":"https:\/\/api.w.org\/{rel}","templated":true}]}}