{"id":3803,"date":"2025-03-27T16:31:18","date_gmt":"2025-03-27T16:31:18","guid":{"rendered":"https:\/\/casadolivreiro.pt\/?post_type=product&#038;p=3803"},"modified":"2025-03-27T16:31:18","modified_gmt":"2025-03-27T16:31:18","slug":"causas-da-inviabilizacao-economica-da-america-portuguesa-relatorio-da-comissao-mista-nacoes-unidas-banco-mundial-de-desenvolvimento","status":"publish","type":"product","link":"https:\/\/casadolivreiro.pt\/index.php\/product\/causas-da-inviabilizacao-economica-da-america-portuguesa-relatorio-da-comissao-mista-nacoes-unidas-banco-mundial-de-desenvolvimento\/","title":{"rendered":"CAUSAS DA INVIABILIZA\u00c7\u00c3O ECON\u00d4MICA DA AM\u00c9RICA PORTUGUESA: Relat\u00f3rio da comiss\u00e3o mista na\u00e7\u00f5es unidas \u2013 Banco Mundial de desenvolvimento"},"content":{"rendered":"<p>CAUSAS DA INVIABILIZA\u00c7\u00c3O ECON\u00d4MICA DA AM\u00c9RICA PORTUGUESA: Relat\u00f3rio da comiss\u00e3o mista na\u00e7\u00f5es unidas \u2013 Banco Mundial de desenvolvimento<\/p>\n<p>Ano de edi\u00e7\u00e3o: 1996<\/p>\n<p>Editor: Paz e Terra S.A. , Rio de Janeiro<\/p>\n<p>Idioma: Portugu\u00eas<\/p>\n<p>Dimens\u00f5es: 14 x 0.8 x 21 cm<\/p>\n<p>Encaderna\u00e7\u00e3o: Capa mole<\/p>\n<p>P\u00e1ginas: 117<\/p>\n","protected":false},"excerpt":{"rendered":"<p>CAUSAS DA INVIABILIZA\u00c7\u00c3O ECON\u00d4MICA DA AM\u00c9RICA PORTUGUESA: Relat\u00f3rio da comiss\u00e3o mista na\u00e7\u00f5es unidas \u2013 Banco Mundial de desenvolvimento Ano de edi\u00e7\u00e3o: 1996 Editor: Paz e Terra S.A. , Rio de Janeiro Idioma: Portugu\u00eas Dimens\u00f5es: 14 x 0.8 x 21 cm Encaderna\u00e7\u00e3o: Capa mole P\u00e1ginas: 117<\/p>\n","protected":false},"featured_media":3804,"comment_status":"open","ping_status":"closed","template":"","meta":{"om_disable_all_campaigns":false,"_monsterinsights_skip_tracking":false,"_monsterinsights_sitenote_active":false,"_monsterinsights_sitenote_note":"","_monsterinsights_sitenote_category":0,"_uf_show_specific_survey":0,"_uf_disable_surveys":false},"product_cat":[31,41,51],"product_tag":[],"aioseo_notices":[],"jetpack_sharing_enabled":true,"_links":{"self":[{"href":"https:\/\/casadolivreiro.pt\/index.php\/wp-json\/wp\/v2\/product\/3803"}],"collection":[{"href":"https:\/\/casadolivreiro.pt\/index.php\/wp-json\/wp\/v2\/product"}],"about":[{"href":"https:\/\/casadolivreiro.pt\/index.php\/wp-json\/wp\/v2\/types\/product"}],"replies":[{"embeddable":true,"href":"https:\/\/casadolivreiro.pt\/index.php\/wp-json\/wp\/v2\/comments?post=3803"}],"wp:featuredmedia":[{"embeddable":true,"href":"https:\/\/casadolivreiro.pt\/index.php\/wp-json\/wp\/v2\/media\/3804"}],"wp:attachment":[{"href":"https:\/\/casadolivreiro.pt\/index.php\/wp-json\/wp\/v2\/media?parent=3803"}],"wp:term":[{"taxonomy":"product_cat","embeddable":true,"href":"https:\/\/casadolivreiro.pt\/index.php\/wp-json\/wp\/v2\/product_cat?post=3803"},{"taxonomy":"product_tag","embeddable":true,"href":"https:\/\/casadolivreiro.pt\/index.php\/wp-json\/wp\/v2\/product_tag?post=3803"}],"curies":[{"name":"wp","href":"https:\/\/api.w.org\/{rel}","templated":true}]}}