{"id":3799,"date":"2025-03-27T16:13:38","date_gmt":"2025-03-27T16:13:38","guid":{"rendered":"https:\/\/casadolivreiro.pt\/?post_type=product&#038;p=3799"},"modified":"2025-03-27T16:13:38","modified_gmt":"2025-03-27T16:13:38","slug":"o-imperio-do-petroleo-harvey-oconnor","status":"publish","type":"product","link":"https:\/\/casadolivreiro.pt\/index.php\/product\/o-imperio-do-petroleo-harvey-oconnor\/","title":{"rendered":"O IMP\u00c9RIO DO PETR\u00d3LEO \u2013 Harvey O\u2019Connor"},"content":{"rendered":"<p>O IMP\u00c9RIO DO PETR\u00d3LEO \u2013 Harvey O\u2019Connor<\/p>\n<p>Tradu\u00e7\u00e3o de J\u00falio Saraiva Ribeiro<\/p>\n<p>Colec\u00e7\u00e3o. Documentos do Tempo Presente\u00a0 #19<\/p>\n<p>Ano de edi\u00e7\u00e3o: 1961<\/p>\n<p>Editor: Ulisseia, Lisboa<\/p>\n<p>Idioma: Portugu\u00eas<\/p>\n<p>Dimens\u00f5es: 14.3 x 1.9 x 21 cm<\/p>\n<p>Encaderna\u00e7\u00e3o: Capa mole<\/p>\n<p>P\u00e1ginas: 294<\/p>\n","protected":false},"excerpt":{"rendered":"<p>O IMP\u00c9RIO DO PETR\u00d3LEO \u2013 Harvey O\u2019Connor Tradu\u00e7\u00e3o de J\u00falio Saraiva Ribeiro Colec\u00e7\u00e3o. Documentos do Tempo Presente\u00a0 #19 Ano de edi\u00e7\u00e3o: 1961 Editor: Ulisseia, Lisboa Idioma: Portugu\u00eas Dimens\u00f5es: 14.3 x 1.9 x 21 cm Encaderna\u00e7\u00e3o: Capa mole P\u00e1ginas: 294<\/p>\n","protected":false},"featured_media":3800,"comment_status":"open","ping_status":"closed","template":"","meta":{"om_disable_all_campaigns":false,"_monsterinsights_skip_tracking":false,"_monsterinsights_sitenote_active":false,"_monsterinsights_sitenote_note":"","_monsterinsights_sitenote_category":0,"_uf_show_specific_survey":0,"_uf_disable_surveys":false},"product_cat":[31,30,62,51],"product_tag":[],"aioseo_notices":[],"jetpack_sharing_enabled":true,"_links":{"self":[{"href":"https:\/\/casadolivreiro.pt\/index.php\/wp-json\/wp\/v2\/product\/3799"}],"collection":[{"href":"https:\/\/casadolivreiro.pt\/index.php\/wp-json\/wp\/v2\/product"}],"about":[{"href":"https:\/\/casadolivreiro.pt\/index.php\/wp-json\/wp\/v2\/types\/product"}],"replies":[{"embeddable":true,"href":"https:\/\/casadolivreiro.pt\/index.php\/wp-json\/wp\/v2\/comments?post=3799"}],"wp:featuredmedia":[{"embeddable":true,"href":"https:\/\/casadolivreiro.pt\/index.php\/wp-json\/wp\/v2\/media\/3800"}],"wp:attachment":[{"href":"https:\/\/casadolivreiro.pt\/index.php\/wp-json\/wp\/v2\/media?parent=3799"}],"wp:term":[{"taxonomy":"product_cat","embeddable":true,"href":"https:\/\/casadolivreiro.pt\/index.php\/wp-json\/wp\/v2\/product_cat?post=3799"},{"taxonomy":"product_tag","embeddable":true,"href":"https:\/\/casadolivreiro.pt\/index.php\/wp-json\/wp\/v2\/product_tag?post=3799"}],"curies":[{"name":"wp","href":"https:\/\/api.w.org\/{rel}","templated":true}]}}