{"id":3795,"date":"2025-03-27T15:58:56","date_gmt":"2025-03-27T15:58:56","guid":{"rendered":"https:\/\/casadolivreiro.pt\/?post_type=product&#038;p=3795"},"modified":"2025-03-27T15:58:56","modified_gmt":"2025-03-27T15:58:56","slug":"diana-os-reis-voltaram-lhe-as-costas-o-povo-abriu-lhe-o-coracao-alicia-galloti","status":"publish","type":"product","link":"https:\/\/casadolivreiro.pt\/index.php\/product\/diana-os-reis-voltaram-lhe-as-costas-o-povo-abriu-lhe-o-coracao-alicia-galloti\/","title":{"rendered":"DIANA: Os reis voltaram-lhe as costas, O povo abriu-lhe o cora\u00e7\u00e3o \u2013 Al\u00edcia Galloti"},"content":{"rendered":"<p>DIANA: Os reis voltaram-lhe as costas, O povo abriu-lhe o cora\u00e7\u00e3o \u2013 Al\u00edcia Galloti<\/p>\n<p>Tradu\u00e7\u00e3o de Nuno Castro<\/p>\n<p>Ano de edi\u00e7\u00e3o: 2002<\/p>\n<p>Editor: Correio da Manh\u00e1<\/p>\n<p>Idioma: Portugu\u00eas<\/p>\n<p>Dimens\u00f5es: 13.5 x 0.9 x 21 cm<\/p>\n<p>Encaderna\u00e7\u00e3o: Capa mole<\/p>\n<p>P\u00e1ginas: 126<\/p>\n","protected":false},"excerpt":{"rendered":"<p>DIANA: Os reis voltaram-lhe as costas, O povo abriu-lhe o cora\u00e7\u00e3o \u2013 Al\u00edcia Galloti Tradu\u00e7\u00e3o de Nuno Castro Ano de edi\u00e7\u00e3o: 2002 Editor: Correio da Manh\u00e1 Idioma: Portugu\u00eas Dimens\u00f5es: 13.5 x 0.9 x 21 cm Encaderna\u00e7\u00e3o: Capa mole P\u00e1ginas: 126<\/p>\n","protected":false},"featured_media":3796,"comment_status":"open","ping_status":"closed","template":"","meta":{"om_disable_all_campaigns":false,"_monsterinsights_skip_tracking":false,"_monsterinsights_sitenote_active":false,"_monsterinsights_sitenote_note":"","_monsterinsights_sitenote_category":0,"_uf_show_specific_survey":0,"_uf_disable_surveys":false},"product_cat":[28],"product_tag":[],"aioseo_notices":[],"jetpack_sharing_enabled":true,"_links":{"self":[{"href":"https:\/\/casadolivreiro.pt\/index.php\/wp-json\/wp\/v2\/product\/3795"}],"collection":[{"href":"https:\/\/casadolivreiro.pt\/index.php\/wp-json\/wp\/v2\/product"}],"about":[{"href":"https:\/\/casadolivreiro.pt\/index.php\/wp-json\/wp\/v2\/types\/product"}],"replies":[{"embeddable":true,"href":"https:\/\/casadolivreiro.pt\/index.php\/wp-json\/wp\/v2\/comments?post=3795"}],"wp:featuredmedia":[{"embeddable":true,"href":"https:\/\/casadolivreiro.pt\/index.php\/wp-json\/wp\/v2\/media\/3796"}],"wp:attachment":[{"href":"https:\/\/casadolivreiro.pt\/index.php\/wp-json\/wp\/v2\/media?parent=3795"}],"wp:term":[{"taxonomy":"product_cat","embeddable":true,"href":"https:\/\/casadolivreiro.pt\/index.php\/wp-json\/wp\/v2\/product_cat?post=3795"},{"taxonomy":"product_tag","embeddable":true,"href":"https:\/\/casadolivreiro.pt\/index.php\/wp-json\/wp\/v2\/product_tag?post=3795"}],"curies":[{"name":"wp","href":"https:\/\/api.w.org\/{rel}","templated":true}]}}