{"id":3768,"date":"2025-03-27T13:53:33","date_gmt":"2025-03-27T13:53:33","guid":{"rendered":"https:\/\/casadolivreiro.pt\/?post_type=product&#038;p=3768"},"modified":"2025-03-27T13:53:33","modified_gmt":"2025-03-27T13:53:33","slug":"a-opcao-do-voto-albertino-antunes-alexandre-manuel-antonio-amorim-fernando-cascais-mario-bacalhau","status":"publish","type":"product","link":"https:\/\/casadolivreiro.pt\/index.php\/product\/a-opcao-do-voto-albertino-antunes-alexandre-manuel-antonio-amorim-fernando-cascais-mario-bacalhau\/","title":{"rendered":"A OP\u00c7\u00c3O DO VOTO \u2013 Albertino Antunes, Alexandre Manuel, Ant\u00f3nio Amorim, Fernando Cascais, M\u00e1rio Bacalhau"},"content":{"rendered":"<p>A OP\u00c7\u00c3O DO VOTO \u2013 Albertino Antunes, Alexandre Manuel, Ant\u00f3nio Amorim, Fernando Cascais, M\u00e1rio Bacalhau<\/p>\n<p>Ano de edi\u00e7\u00e3o:<\/p>\n<p>Editor: Intervoz, Lisboa<\/p>\n<p>Idioma: Portugu\u00eas<\/p>\n<p>Dimens\u00f5es: 13.5 x 1.3 x 20.3 cm<\/p>\n<p>Encaderna\u00e7\u00e3o: Capa mole<\/p>\n<p>P\u00e1ginas: 221<\/p>\n","protected":false},"excerpt":{"rendered":"<p>A OP\u00c7\u00c3O DO VOTO \u2013 Albertino Antunes, Alexandre Manuel, Ant\u00f3nio Amorim, Fernando Cascais, M\u00e1rio Bacalhau Ano de edi\u00e7\u00e3o: Editor: Intervoz, Lisboa Idioma: Portugu\u00eas Dimens\u00f5es: 13.5 x 1.3 x 20.3 cm Encaderna\u00e7\u00e3o: Capa mole P\u00e1ginas: 221<\/p>\n","protected":false},"featured_media":3769,"comment_status":"open","ping_status":"closed","template":"","meta":{"om_disable_all_campaigns":false,"_monsterinsights_skip_tracking":false,"_monsterinsights_sitenote_active":false,"_monsterinsights_sitenote_note":"","_monsterinsights_sitenote_category":0,"_uf_show_specific_survey":0,"_uf_disable_surveys":false},"product_cat":[31,51],"product_tag":[],"aioseo_notices":[],"jetpack_sharing_enabled":true,"_links":{"self":[{"href":"https:\/\/casadolivreiro.pt\/index.php\/wp-json\/wp\/v2\/product\/3768"}],"collection":[{"href":"https:\/\/casadolivreiro.pt\/index.php\/wp-json\/wp\/v2\/product"}],"about":[{"href":"https:\/\/casadolivreiro.pt\/index.php\/wp-json\/wp\/v2\/types\/product"}],"replies":[{"embeddable":true,"href":"https:\/\/casadolivreiro.pt\/index.php\/wp-json\/wp\/v2\/comments?post=3768"}],"wp:featuredmedia":[{"embeddable":true,"href":"https:\/\/casadolivreiro.pt\/index.php\/wp-json\/wp\/v2\/media\/3769"}],"wp:attachment":[{"href":"https:\/\/casadolivreiro.pt\/index.php\/wp-json\/wp\/v2\/media?parent=3768"}],"wp:term":[{"taxonomy":"product_cat","embeddable":true,"href":"https:\/\/casadolivreiro.pt\/index.php\/wp-json\/wp\/v2\/product_cat?post=3768"},{"taxonomy":"product_tag","embeddable":true,"href":"https:\/\/casadolivreiro.pt\/index.php\/wp-json\/wp\/v2\/product_tag?post=3768"}],"curies":[{"name":"wp","href":"https:\/\/api.w.org\/{rel}","templated":true}]}}