{"id":3733,"date":"2025-03-27T00:30:24","date_gmt":"2025-03-27T00:30:24","guid":{"rendered":"https:\/\/casadolivreiro.pt\/?post_type=product&#038;p=3733"},"modified":"2025-03-27T00:30:24","modified_gmt":"2025-03-27T00:30:24","slug":"mulheres-de-fogo-francois-bott","status":"publish","type":"product","link":"https:\/\/casadolivreiro.pt\/index.php\/product\/mulheres-de-fogo-francois-bott\/","title":{"rendered":"MULHERES DE FOGO \u2013 Fran\u00e7ois Bott"},"content":{"rendered":"<p>MULHERES DE FOGO \u2013 Fran\u00e7ois Bott<\/p>\n<p>Tradu\u00e7\u00e3o de Jo\u00e3o Martins<\/p>\n<p>Ano de edi\u00e7\u00e3o: 2003<\/p>\n<p>Editor: Guevel Edi\u00e7\u00f5es<\/p>\n<p>Idioma: Portugu\u00eas<\/p>\n<p>Dimens\u00f5es: 16 x 1.2 x 23 cm<\/p>\n<p>Encaderna\u00e7\u00e3o: Capa mole<\/p>\n<p>P\u00e1ginas: 149<\/p>\n","protected":false},"excerpt":{"rendered":"<p>MULHERES DE FOGO \u2013 Fran\u00e7ois Bott Tradu\u00e7\u00e3o de Jo\u00e3o Martins Ano de edi\u00e7\u00e3o: 2003 Editor: Guevel Edi\u00e7\u00f5es Idioma: Portugu\u00eas Dimens\u00f5es: 16 x 1.2 x 23 cm Encaderna\u00e7\u00e3o: Capa mole P\u00e1ginas: 149<\/p>\n","protected":false},"featured_media":3734,"comment_status":"open","ping_status":"closed","template":"","meta":{"om_disable_all_campaigns":false,"_monsterinsights_skip_tracking":false,"_monsterinsights_sitenote_active":false,"_monsterinsights_sitenote_note":"","_monsterinsights_sitenote_category":0,"_uf_show_specific_survey":0,"_uf_disable_surveys":false},"product_cat":[28,36],"product_tag":[],"aioseo_notices":[],"jetpack_sharing_enabled":true,"_links":{"self":[{"href":"https:\/\/casadolivreiro.pt\/index.php\/wp-json\/wp\/v2\/product\/3733"}],"collection":[{"href":"https:\/\/casadolivreiro.pt\/index.php\/wp-json\/wp\/v2\/product"}],"about":[{"href":"https:\/\/casadolivreiro.pt\/index.php\/wp-json\/wp\/v2\/types\/product"}],"replies":[{"embeddable":true,"href":"https:\/\/casadolivreiro.pt\/index.php\/wp-json\/wp\/v2\/comments?post=3733"}],"wp:featuredmedia":[{"embeddable":true,"href":"https:\/\/casadolivreiro.pt\/index.php\/wp-json\/wp\/v2\/media\/3734"}],"wp:attachment":[{"href":"https:\/\/casadolivreiro.pt\/index.php\/wp-json\/wp\/v2\/media?parent=3733"}],"wp:term":[{"taxonomy":"product_cat","embeddable":true,"href":"https:\/\/casadolivreiro.pt\/index.php\/wp-json\/wp\/v2\/product_cat?post=3733"},{"taxonomy":"product_tag","embeddable":true,"href":"https:\/\/casadolivreiro.pt\/index.php\/wp-json\/wp\/v2\/product_tag?post=3733"}],"curies":[{"name":"wp","href":"https:\/\/api.w.org\/{rel}","templated":true}]}}