{"id":3731,"date":"2025-03-26T23:45:44","date_gmt":"2025-03-26T23:45:44","guid":{"rendered":"https:\/\/casadolivreiro.pt\/?post_type=product&#038;p=3731"},"modified":"2025-03-26T23:45:44","modified_gmt":"2025-03-26T23:45:44","slug":"do-eu-solitario-ao-nos-solidario-deus-o-homem-e-o-mundo-numa-conversa-sem-rede-ou-preconceitos-frei-fernando-ventura-joaquim-franco","status":"publish","type":"product","link":"https:\/\/casadolivreiro.pt\/index.php\/product\/do-eu-solitario-ao-nos-solidario-deus-o-homem-e-o-mundo-numa-conversa-sem-rede-ou-preconceitos-frei-fernando-ventura-joaquim-franco\/","title":{"rendered":"DO EU SOLIT\u00c1RIO AO N\u00d3S SOLID\u00c1RIO: Deus, o homem e o mundo, numa conversa sem rede ou preconceitos \u2013 Frei Fernando Ventura, Joaquim Franco"},"content":{"rendered":"<p>DO EU SOLIT\u00c1RIO AO N\u00d3S SOLID\u00c1RIO: Deus, o homem e o mundo, numa conversa sem rede ou preconceitos \u2013 Frei Fernando Ventura, Joaquim Franco<\/p>\n<p>Ano de edi\u00e7\u00e3o: 2011<\/p>\n<p>Editor: Verso da Kapa<\/p>\n<p>Idioma: Portugu\u00eas<\/p>\n<p>Dimens\u00f5es: 15.8 x 1.3 x 23 cm<\/p>\n<p>Encaderna\u00e7\u00e3o: Capa mole<\/p>\n<p>P\u00e1ginas: 157<\/p>\n","protected":false},"excerpt":{"rendered":"<p>DO EU SOLIT\u00c1RIO AO N\u00d3S SOLID\u00c1RIO: Deus, o homem e o mundo, numa conversa sem rede ou preconceitos \u2013 Frei Fernando Ventura, Joaquim Franco Ano de edi\u00e7\u00e3o: 2011 Editor: Verso da Kapa Idioma: Portugu\u00eas Dimens\u00f5es: 15.8 x 1.3 x 23 cm Encaderna\u00e7\u00e3o: Capa mole P\u00e1ginas: 157<\/p>\n","protected":false},"featured_media":3732,"comment_status":"open","ping_status":"closed","template":"","meta":{"om_disable_all_campaigns":false,"_monsterinsights_skip_tracking":false,"_monsterinsights_sitenote_active":false,"_monsterinsights_sitenote_note":"","_monsterinsights_sitenote_category":0,"_uf_show_specific_survey":0,"_uf_disable_surveys":false},"product_cat":[36],"product_tag":[],"aioseo_notices":[],"jetpack_sharing_enabled":true,"_links":{"self":[{"href":"https:\/\/casadolivreiro.pt\/index.php\/wp-json\/wp\/v2\/product\/3731"}],"collection":[{"href":"https:\/\/casadolivreiro.pt\/index.php\/wp-json\/wp\/v2\/product"}],"about":[{"href":"https:\/\/casadolivreiro.pt\/index.php\/wp-json\/wp\/v2\/types\/product"}],"replies":[{"embeddable":true,"href":"https:\/\/casadolivreiro.pt\/index.php\/wp-json\/wp\/v2\/comments?post=3731"}],"wp:featuredmedia":[{"embeddable":true,"href":"https:\/\/casadolivreiro.pt\/index.php\/wp-json\/wp\/v2\/media\/3732"}],"wp:attachment":[{"href":"https:\/\/casadolivreiro.pt\/index.php\/wp-json\/wp\/v2\/media?parent=3731"}],"wp:term":[{"taxonomy":"product_cat","embeddable":true,"href":"https:\/\/casadolivreiro.pt\/index.php\/wp-json\/wp\/v2\/product_cat?post=3731"},{"taxonomy":"product_tag","embeddable":true,"href":"https:\/\/casadolivreiro.pt\/index.php\/wp-json\/wp\/v2\/product_tag?post=3731"}],"curies":[{"name":"wp","href":"https:\/\/api.w.org\/{rel}","templated":true}]}}