{"id":3715,"date":"2025-03-26T21:32:57","date_gmt":"2025-03-26T21:32:57","guid":{"rendered":"https:\/\/casadolivreiro.pt\/?post_type=product&#038;p=3715"},"modified":"2026-01-11T16:32:55","modified_gmt":"2026-01-11T16:32:55","slug":"portugal-e-o-futuro-antonio-de-spinola","status":"publish","type":"product","link":"https:\/\/casadolivreiro.pt\/index.php\/product\/portugal-e-o-futuro-antonio-de-spinola\/","title":{"rendered":"PORTUGAL E O FUTURO \u2013 Ant\u00f3nio de Sp\u00ednola"},"content":{"rendered":"<p>PORTUGAL E O FUTURO \u2013 Ant\u00f3nio de Sp\u00ednola<\/p>\n<p>Ano de edi\u00e7\u00e3o: 1974<\/p>\n<p>Editor: Arc\u00e1dia<\/p>\n<p>Idioma: Portugu\u00eas<\/p>\n<p>Dimens\u00f5es: 15.8 x 1.7 x 23cm<\/p>\n<p>Encaderna\u00e7\u00e3o: Capa mole<\/p>\n<p>P\u00e1ginas: 244<\/p>\n","protected":false},"excerpt":{"rendered":"<p>PORTUGAL E O FUTURO \u2013 Ant\u00f3nio de Sp\u00ednola Ano de edi\u00e7\u00e3o: 1974 Editor: Arc\u00e1dia Idioma: Portugu\u00eas Dimens\u00f5es: 15.8 x 1.7 x 23cm Encaderna\u00e7\u00e3o: Capa mole P\u00e1ginas: 244<\/p>\n","protected":false},"featured_media":3716,"comment_status":"open","ping_status":"closed","template":"","meta":{"om_disable_all_campaigns":false,"_monsterinsights_skip_tracking":false,"_monsterinsights_sitenote_active":false,"_monsterinsights_sitenote_note":"","_monsterinsights_sitenote_category":0,"_uf_show_specific_survey":0,"_uf_disable_surveys":false},"product_cat":[31,30,51],"product_tag":[],"aioseo_notices":[],"jetpack_sharing_enabled":true,"_links":{"self":[{"href":"https:\/\/casadolivreiro.pt\/index.php\/wp-json\/wp\/v2\/product\/3715"}],"collection":[{"href":"https:\/\/casadolivreiro.pt\/index.php\/wp-json\/wp\/v2\/product"}],"about":[{"href":"https:\/\/casadolivreiro.pt\/index.php\/wp-json\/wp\/v2\/types\/product"}],"replies":[{"embeddable":true,"href":"https:\/\/casadolivreiro.pt\/index.php\/wp-json\/wp\/v2\/comments?post=3715"}],"wp:featuredmedia":[{"embeddable":true,"href":"https:\/\/casadolivreiro.pt\/index.php\/wp-json\/wp\/v2\/media\/3716"}],"wp:attachment":[{"href":"https:\/\/casadolivreiro.pt\/index.php\/wp-json\/wp\/v2\/media?parent=3715"}],"wp:term":[{"taxonomy":"product_cat","embeddable":true,"href":"https:\/\/casadolivreiro.pt\/index.php\/wp-json\/wp\/v2\/product_cat?post=3715"},{"taxonomy":"product_tag","embeddable":true,"href":"https:\/\/casadolivreiro.pt\/index.php\/wp-json\/wp\/v2\/product_tag?post=3715"}],"curies":[{"name":"wp","href":"https:\/\/api.w.org\/{rel}","templated":true}]}}