{"id":3696,"date":"2025-03-26T18:06:06","date_gmt":"2025-03-26T18:06:06","guid":{"rendered":"https:\/\/casadolivreiro.pt\/?post_type=product&#038;p=3696"},"modified":"2025-03-26T18:06:06","modified_gmt":"2025-03-26T18:06:06","slug":"album-de-memorias-12-volumes-jose-hermano-saraiva","status":"publish","type":"product","link":"https:\/\/casadolivreiro.pt\/index.php\/product\/album-de-memorias-12-volumes-jose-hermano-saraiva\/","title":{"rendered":"\u00c1LBUM DE MEM\u00d3RIAS, 12 volumes \u2013 Jos\u00e9 Hermano Saraiva"},"content":{"rendered":"<p>\u00c1LBUM DE MEM\u00d3RIAS, 12 volumes \u2013 Jos\u00e9 Hermano Saraiva<\/p>\n<p>Ano de edi\u00e7\u00e3o: 2007, 1.\u00aa edi\u00e7\u00e3o<\/p>\n<p>Editor: O SOL \u00e9 Essencial S.A. e Jos\u00e9 Hermano Saraiva<\/p>\n<p>Idioma: Portugu\u00eas<\/p>\n<p>Dimens\u00f5es: 24.5 x 0.6 x 24.5cm<\/p>\n<p>Encaderna\u00e7\u00e3o: Capa mole<\/p>\n<p>P\u00e1ginas: 86 + 86 + 94 + 86 + 96 + 100 + 94 + 80 + 78 + 88 + 88 + 104<\/p>\n","protected":false},"excerpt":{"rendered":"<p>\u00c1LBUM DE MEM\u00d3RIAS, 12 volumes \u2013 Jos\u00e9 Hermano Saraiva Ano de edi\u00e7\u00e3o: 2007, 1.\u00aa edi\u00e7\u00e3o Editor: O SOL \u00e9 Essencial S.A. e Jos\u00e9 Hermano Saraiva Idioma: Portugu\u00eas Dimens\u00f5es: 24.5 x 0.6 x 24.5cm Encaderna\u00e7\u00e3o: Capa mole P\u00e1ginas: 86 + 86 + 94 + 86 + 96 + 100 + 94 + 80 + 78 + [&hellip;]<\/p>\n","protected":false},"featured_media":3697,"comment_status":"open","ping_status":"closed","template":"","meta":{"om_disable_all_campaigns":false,"_monsterinsights_skip_tracking":false,"_monsterinsights_sitenote_active":false,"_monsterinsights_sitenote_note":"","_monsterinsights_sitenote_category":0,"_uf_show_specific_survey":0,"_uf_disable_surveys":false},"product_cat":[36],"product_tag":[],"aioseo_notices":[],"jetpack_sharing_enabled":true,"_links":{"self":[{"href":"https:\/\/casadolivreiro.pt\/index.php\/wp-json\/wp\/v2\/product\/3696"}],"collection":[{"href":"https:\/\/casadolivreiro.pt\/index.php\/wp-json\/wp\/v2\/product"}],"about":[{"href":"https:\/\/casadolivreiro.pt\/index.php\/wp-json\/wp\/v2\/types\/product"}],"replies":[{"embeddable":true,"href":"https:\/\/casadolivreiro.pt\/index.php\/wp-json\/wp\/v2\/comments?post=3696"}],"wp:featuredmedia":[{"embeddable":true,"href":"https:\/\/casadolivreiro.pt\/index.php\/wp-json\/wp\/v2\/media\/3697"}],"wp:attachment":[{"href":"https:\/\/casadolivreiro.pt\/index.php\/wp-json\/wp\/v2\/media?parent=3696"}],"wp:term":[{"taxonomy":"product_cat","embeddable":true,"href":"https:\/\/casadolivreiro.pt\/index.php\/wp-json\/wp\/v2\/product_cat?post=3696"},{"taxonomy":"product_tag","embeddable":true,"href":"https:\/\/casadolivreiro.pt\/index.php\/wp-json\/wp\/v2\/product_tag?post=3696"}],"curies":[{"name":"wp","href":"https:\/\/api.w.org\/{rel}","templated":true}]}}